Last updated on 2020-10-11 01:47:21 CEST.
Flavor | Version | Tinstall | Tcheck | Ttotal | Status | Flags |
---|---|---|---|---|---|---|
r-devel-linux-x86_64-debian-clang | 2.2.2 | 9.13 | 94.55 | 103.68 | OK | |
r-devel-linux-x86_64-debian-gcc | 2.2.2 | 8.75 | 71.65 | 80.40 | OK | |
r-devel-linux-x86_64-fedora-clang | 2.2.2 | 132.43 | OK | |||
r-devel-linux-x86_64-fedora-gcc | 2.2.2 | 120.03 | OK | |||
r-devel-windows-ix86+x86_64 | 2.2.2 | 23.00 | 239.00 | 262.00 | OK | |
r-patched-linux-x86_64 | 2.2.2 | 8.66 | 86.80 | 95.46 | OK | |
r-patched-solaris-x86 | 2.2.2 | 180.90 | OK | |||
r-release-linux-x86_64 | 2.2.2 | 8.83 | 87.36 | 96.19 | OK | |
r-release-macos-x86_64 | 2.2.2 | OK | ||||
r-release-windows-ix86+x86_64 | 2.2.2 | 19.00 | 154.00 | 173.00 | WARN | |
r-oldrel-macos-x86_64 | 2.2.2 | OK | ||||
r-oldrel-windows-ix86+x86_64 | 2.2.2 | 20.00 | 182.00 | 202.00 | OK |
Version: 2.2.2
Check: R files for syntax errors
Result: WARN
Warnings in file 'R/utils.R':
unable to translate '<U+00E9>' to native encoding
unable to translate '<U+00F6>' to native encoding
unable to translate '<U+00F8>' to native encoding
unable to translate '<U+2019>' to native encoding
Flavor: r-release-windows-ix86+x86_64