Last updated on 2020-10-11 01:47:22 CEST.
Flavor | Version | Tinstall | Tcheck | Ttotal | Status | Flags |
---|---|---|---|---|---|---|
r-devel-linux-x86_64-debian-clang | 0.1.3 | 8.25 | 75.19 | 83.44 | OK | |
r-devel-linux-x86_64-debian-gcc | 0.1.3 | 8.42 | 58.21 | 66.63 | OK | |
r-devel-linux-x86_64-fedora-clang | 0.1.3 | 109.19 | NOTE | |||
r-devel-linux-x86_64-fedora-gcc | 0.1.3 | 108.38 | NOTE | |||
r-devel-windows-ix86+x86_64 | 0.1.3 | 20.00 | 96.00 | 116.00 | OK | |
r-patched-linux-x86_64 | 0.1.3 | 9.07 | 71.88 | 80.95 | OK | |
r-patched-solaris-x86 | 0.1.3 | 143.90 | NOTE | |||
r-release-linux-x86_64 | 0.1.3 | 8.94 | 72.13 | 81.07 | OK | |
r-release-macos-x86_64 | 0.1.3 | NOTE | ||||
r-release-windows-ix86+x86_64 | 0.1.3 | 15.00 | 65.00 | 80.00 | OK | |
r-oldrel-macos-x86_64 | 0.1.3 | NOTE | ||||
r-oldrel-windows-ix86+x86_64 | 0.1.3 | 18.00 | 68.00 | 86.00 | OK |
Version: 0.1.3
Check: dependencies in R code
Result: NOTE
Namespaces in Imports field not imported from:
‘iterators’ ‘methods’
All declared Imports should be used.
Flavors: r-devel-linux-x86_64-fedora-clang, r-devel-linux-x86_64-fedora-gcc, r-patched-solaris-x86, r-release-macos-x86_64, r-oldrel-macos-x86_64