Last updated on 2020-10-11 01:47:21 CEST.
Flavor | Version | Tinstall | Tcheck | Ttotal | Status | Flags |
---|---|---|---|---|---|---|
r-devel-linux-x86_64-debian-clang | 1.0.8 | 66.33 | 31.51 | 97.84 | OK | |
r-devel-linux-x86_64-debian-gcc | 1.0.8 | 52.92 | 25.07 | 77.99 | OK | |
r-devel-linux-x86_64-fedora-clang | 1.0.8 | 139.64 | NOTE | |||
r-devel-linux-x86_64-fedora-gcc | 1.0.8 | 126.40 | OK | |||
r-devel-windows-ix86+x86_64 | 1.0.8 | 143.00 | 67.00 | 210.00 | OK | |
r-patched-linux-x86_64 | 1.0.8 | 58.15 | 30.90 | 89.05 | OK | |
r-patched-solaris-x86 | 1.0.8 | 121.20 | OK | |||
r-release-linux-x86_64 | 1.0.8 | 60.55 | 31.10 | 91.65 | OK | |
r-release-macos-x86_64 | 1.0.8 | NOTE | ||||
r-release-windows-ix86+x86_64 | 1.0.8 | 104.00 | 86.00 | 190.00 | OK | |
r-oldrel-macos-x86_64 | 1.0.8 | NOTE | ||||
r-oldrel-windows-ix86+x86_64 | 1.0.8 | 123.00 | 61.00 | 184.00 | OK |
Version: 1.0.8
Check: installed package size
Result: NOTE
installed size is 6.7Mb
sub-directories of 1Mb or more:
doc 1.3Mb
libs 5.3Mb
Flavors: r-devel-linux-x86_64-fedora-clang, r-release-macos-x86_64, r-oldrel-macos-x86_64