Last updated on 2020-10-11 01:47:22 CEST.
Flavor | Version | Tinstall | Tcheck | Ttotal | Status | Flags |
---|---|---|---|---|---|---|
r-devel-linux-x86_64-debian-clang | 0.2.6.0 | 140.73 | 64.93 | 205.66 | OK | |
r-devel-linux-x86_64-debian-gcc | 0.2.6.0 | 108.51 | 49.31 | 157.82 | OK | |
r-devel-linux-x86_64-fedora-clang | 0.2.6.0 | 290.92 | NOTE | |||
r-devel-linux-x86_64-fedora-gcc | 0.2.6.0 | 261.22 | OK | |||
r-devel-windows-ix86+x86_64 | 0.2.6.0 | 313.00 | 95.00 | 408.00 | OK | |
r-patched-linux-x86_64 | 0.2.6.0 | 132.23 | 60.26 | 192.49 | OK | |
r-patched-solaris-x86 | 0.2.6.0 | 244.60 | OK | |||
r-release-linux-x86_64 | 0.2.6.0 | 132.87 | 61.11 | 193.98 | OK | |
r-release-macos-x86_64 | 0.2.6.0 | NOTE | ||||
r-release-windows-ix86+x86_64 | 0.2.6.0 | 225.00 | 119.00 | 344.00 | OK | |
r-oldrel-macos-x86_64 | 0.2.6.0 | NOTE | ||||
r-oldrel-windows-ix86+x86_64 | 0.2.6.0 | 281.00 | 88.00 | 369.00 | OK |
Version: 0.2.6.0
Check: installed package size
Result: NOTE
installed size is 6.9Mb
sub-directories of 1Mb or more:
libs 6.5Mb
Flavors: r-devel-linux-x86_64-fedora-clang, r-release-macos-x86_64, r-oldrel-macos-x86_64