Last updated on 2020-10-11 01:47:22 CEST.
Flavor | Version | Tinstall | Tcheck | Ttotal | Status | Flags |
---|---|---|---|---|---|---|
r-devel-linux-x86_64-debian-clang | 0.9.4 | 18.52 | 328.72 | 347.24 | OK | |
r-devel-linux-x86_64-debian-gcc | 0.9.4 | 17.19 | 237.54 | 254.73 | OK | |
r-devel-linux-x86_64-fedora-clang | 0.9.4 | 426.04 | NOTE | |||
r-devel-linux-x86_64-fedora-gcc | 0.9.4 | 431.49 | OK | |||
r-devel-windows-ix86+x86_64 | 0.9.4 | 33.00 | 393.00 | 426.00 | OK | |
r-patched-linux-x86_64 | 0.9.4 | 17.12 | 305.50 | 322.62 | OK | |
r-patched-solaris-x86 | 0.9.4 | 508.80 | NOTE | |||
r-release-linux-x86_64 | 0.9.4 | 16.24 | 303.28 | 319.52 | OK | |
r-release-macos-x86_64 | 0.9.4 | OK | ||||
r-release-windows-ix86+x86_64 | 0.9.4 | 23.00 | 286.00 | 309.00 | OK | |
r-oldrel-macos-x86_64 | 0.9.4 | OK | ||||
r-oldrel-windows-ix86+x86_64 | 0.9.4 | 29.00 | 309.00 | 338.00 | OK |
Version: 0.9.4
Check: Rd cross-references
Result: NOTE
Undeclared package ‘quantreg’ in Rd xrefs
Flavor: r-devel-linux-x86_64-fedora-clang
Version: 0.9.4
Check: installed package size
Result: NOTE
installed size is 5.3Mb
sub-directories of 1Mb or more:
doc 3.0Mb
tutorials 1.0Mb
Flavor: r-patched-solaris-x86