CRAN Package Check Results for Package ggparty

Last updated on 2020-10-11 01:47:22 CEST.

Flavor Version Tinstall Tcheck Ttotal Status Flags
r-devel-linux-x86_64-debian-clang 1.0.0 10.87 233.28 244.15 OK
r-devel-linux-x86_64-debian-gcc 1.0.0 8.95 164.36 173.31 OK
r-devel-linux-x86_64-fedora-clang 1.0.0 293.66 NOTE
r-devel-linux-x86_64-fedora-gcc 1.0.0 296.32 NOTE
r-devel-windows-ix86+x86_64 1.0.0 28.00 267.00 295.00 OK
r-patched-linux-x86_64 1.0.0 9.74 216.71 226.45 OK
r-patched-solaris-x86 1.0.0 349.60 NOTE
r-release-linux-x86_64 1.0.0 9.89 216.69 226.58 OK
r-release-macos-x86_64 1.0.0 NOTE
r-release-windows-ix86+x86_64 1.0.0 22.00 191.00 213.00 OK
r-oldrel-macos-x86_64 1.0.0 NOTE
r-oldrel-windows-ix86+x86_64 1.0.0 23.00 194.00 217.00 OK

Check Details

Version: 1.0.0
Check: dependencies in R code
Result: NOTE
    Namespace in Imports field not imported from: ‘survival’
     All declared Imports should be used.
Flavors: r-devel-linux-x86_64-fedora-clang, r-devel-linux-x86_64-fedora-gcc, r-patched-solaris-x86, r-release-macos-x86_64, r-oldrel-macos-x86_64