Last updated on 2020-10-11 01:47:22 CEST.
Flavor | Version | Tinstall | Tcheck | Ttotal | Status | Flags |
---|---|---|---|---|---|---|
r-devel-linux-x86_64-debian-clang | 1.0.0 | 6.70 | 172.00 | 178.70 | OK | |
r-devel-linux-x86_64-debian-gcc | 1.0.0 | 6.02 | 121.31 | 127.33 | OK | |
r-devel-linux-x86_64-fedora-clang | 1.0.0 | 210.63 | NOTE | |||
r-devel-linux-x86_64-fedora-gcc | 1.0.0 | 204.80 | NOTE | |||
r-devel-windows-ix86+x86_64 | 1.0.0 | 15.00 | 217.00 | 232.00 | OK | |
r-patched-linux-x86_64 | 1.0.0 | 5.81 | 162.52 | 168.33 | OK | |
r-patched-solaris-x86 | 1.0.0 | 298.30 | NOTE | |||
r-release-linux-x86_64 | 1.0.0 | 6.95 | 161.43 | 168.38 | OK | |
r-release-macos-x86_64 | 1.0.0 | NOTE | ||||
r-release-windows-ix86+x86_64 | 1.0.0 | 11.00 | 159.00 | 170.00 | OK | |
r-oldrel-macos-x86_64 | 1.0.0 | NOTE | ||||
r-oldrel-windows-ix86+x86_64 | 1.0.0 | 12.00 | 142.00 | 154.00 | OK |
Version: 1.0.0
Check: data for non-ASCII characters
Result: NOTE
Note: found 11 marked UTF-8 strings
Flavors: r-devel-linux-x86_64-fedora-clang, r-devel-linux-x86_64-fedora-gcc, r-patched-solaris-x86, r-release-macos-x86_64, r-oldrel-macos-x86_64