CRAN Package Check Results for Package gitear

Last updated on 2020-10-11 01:47:22 CEST.

Flavor Version Tinstall Tcheck Ttotal Status Flags
r-devel-linux-x86_64-debian-clang 1.0.0 5.10 47.77 52.87 OK
r-devel-linux-x86_64-debian-gcc 1.0.0 4.54 35.92 40.46 OK
r-devel-linux-x86_64-fedora-clang 1.0.0 70.77 NOTE
r-devel-linux-x86_64-fedora-gcc 1.0.0 61.43 NOTE
r-devel-windows-ix86+x86_64 1.0.0 12.00 53.00 65.00 OK
r-patched-linux-x86_64 1.0.0 5.55 45.67 51.22 OK
r-patched-solaris-x86 1.0.0 90.50 NOTE
r-release-linux-x86_64 1.0.0 5.24 45.34 50.58 OK
r-release-macos-x86_64 1.0.0 NOTE
r-release-windows-ix86+x86_64 1.0.0 8.00 67.00 75.00 OK
r-oldrel-macos-x86_64 1.0.0 NOTE
r-oldrel-windows-ix86+x86_64 1.0.0 9.00 45.00 54.00 OK

Check Details

Version: 1.0.0
Check: dependencies in R code
Result: NOTE
    Namespaces in Imports field not imported from:
     ‘Rcpp’ ‘mockery’
     All declared Imports should be used.
Flavors: r-devel-linux-x86_64-fedora-clang, r-devel-linux-x86_64-fedora-gcc, r-patched-solaris-x86, r-release-macos-x86_64, r-oldrel-macos-x86_64