Last updated on 2020-10-11 01:47:22 CEST.
Flavor | Version | Tinstall | Tcheck | Ttotal | Status | Flags |
---|---|---|---|---|---|---|
r-devel-linux-x86_64-debian-clang | 3.0 | 118.07 | 31.54 | 149.61 | OK | |
r-devel-linux-x86_64-debian-gcc | 3.0 | 85.41 | 123.57 | 208.98 | OK | |
r-devel-linux-x86_64-fedora-clang | 3.0 | 231.17 | NOTE | |||
r-devel-linux-x86_64-fedora-gcc | 3.0 | 179.67 | OK | |||
r-devel-windows-ix86+x86_64 | 3.0 | 186.00 | 68.00 | 254.00 | OK | |
r-patched-linux-x86_64 | 3.0 | 95.52 | 150.58 | 246.10 | OK | |
r-patched-solaris-x86 | 3.0 | 185.90 | OK | |||
r-release-linux-x86_64 | 3.0 | 92.62 | 29.92 | 122.54 | OK | |
r-release-macos-x86_64 | 3.0 | NOTE | ||||
r-release-windows-ix86+x86_64 | 3.0 | 143.00 | 81.00 | 224.00 | OK | |
r-oldrel-macos-x86_64 | 3.0 | NOTE | ||||
r-oldrel-windows-ix86+x86_64 | 3.0 | 174.00 | 63.00 | 237.00 | OK |
Version: 3.0
Check: installed package size
Result: NOTE
installed size is 11.0Mb
sub-directories of 1Mb or more:
libs 10.8Mb
Flavors: r-devel-linux-x86_64-fedora-clang, r-release-macos-x86_64, r-oldrel-macos-x86_64