Last updated on 2020-10-11 01:47:22 CEST.
Flavor | Version | Tinstall | Tcheck | Ttotal | Status | Flags |
---|---|---|---|---|---|---|
r-devel-linux-x86_64-debian-clang | 1.0-1 | 3.34 | 30.40 | 33.74 | OK | |
r-devel-linux-x86_64-debian-gcc | 1.0-1 | 2.55 | 23.85 | 26.40 | OK | |
r-devel-linux-x86_64-fedora-clang | 1.0-1 | 51.23 | NOTE | |||
r-devel-linux-x86_64-fedora-gcc | 1.0-1 | 41.99 | OK | |||
r-devel-windows-ix86+x86_64 | 1.0-1 | 8.00 | 39.00 | 47.00 | OK | |
r-patched-linux-x86_64 | 1.0-1 | 3.26 | 29.95 | 33.21 | OK | |
r-patched-solaris-x86 | 1.0-1 | 60.50 | OK | |||
r-release-linux-x86_64 | 1.0-1 | 3.31 | 29.78 | 33.09 | OK | |
r-release-macos-x86_64 | 1.0-1 | OK | ||||
r-release-windows-ix86+x86_64 | 1.0-1 | 6.00 | 55.00 | 61.00 | OK | |
r-oldrel-macos-x86_64 | 1.0-1 | OK | ||||
r-oldrel-windows-ix86+x86_64 | 1.0-1 | 5.00 | 39.00 | 44.00 | OK |
Version: 1.0-1
Check: Rd cross-references
Result: NOTE
Undeclared package ‘foreach’ in Rd xrefs
Flavor: r-devel-linux-x86_64-fedora-clang