CRAN Package Check Results for Package goffda

Last updated on 2020-10-11 01:47:22 CEST.

Flavor Version Tinstall Tcheck Ttotal Status Flags
r-devel-linux-x86_64-debian-clang 0.0.7 37.54 107.99 145.53 OK
r-devel-linux-x86_64-debian-gcc 0.0.7 29.97 81.49 111.46 OK
r-devel-linux-x86_64-fedora-clang 0.0.7 193.33 NOTE
r-devel-linux-x86_64-fedora-gcc 0.0.7 179.02 NOTE
r-devel-windows-ix86+x86_64 0.0.7 91.00 174.00 265.00 OK
r-patched-linux-x86_64 0.0.7 36.45 103.23 139.68 OK
r-patched-solaris-x86 0.0.7 229.00 NOTE
r-release-linux-x86_64 0.0.7 37.51 103.63 141.14 OK
r-release-macos-x86_64 0.0.7 NOTE
r-release-windows-ix86+x86_64 0.0.7 73.00 221.00 294.00 OK
r-oldrel-macos-x86_64 0.0.7 NOTE
r-oldrel-windows-ix86+x86_64 0.0.7 79.00 153.00 232.00 OK

Check Details

Version: 0.0.7
Check: data for non-ASCII characters
Result: NOTE
     Note: found 1352 marked UTF-8 strings
Flavors: r-devel-linux-x86_64-fedora-clang, r-devel-linux-x86_64-fedora-gcc, r-patched-solaris-x86, r-release-macos-x86_64, r-oldrel-macos-x86_64