CRAN Package Check Results for Package googlesheets

Last updated on 2020-10-11 01:47:22 CEST.

Flavor Version Tinstall Tcheck Ttotal Status Flags
r-devel-linux-x86_64-debian-clang 0.3.0 6.62 53.40 60.02 OK
r-devel-linux-x86_64-debian-gcc 0.3.0 5.70 41.59 47.29 OK
r-devel-linux-x86_64-fedora-clang 0.3.0 80.29 NOTE
r-devel-linux-x86_64-fedora-gcc 0.3.0 71.60 NOTE
r-devel-windows-ix86+x86_64 0.3.0 14.00 61.00 75.00 OK
r-patched-linux-x86_64 0.3.0 6.75 51.63 58.38 OK
r-patched-solaris-x86 0.3.0 98.00 NOTE
r-release-linux-x86_64 0.3.0 6.95 50.44 57.39 OK
r-release-macos-x86_64 0.3.0 NOTE
r-release-windows-ix86+x86_64 0.3.0 12.00 55.00 67.00 OK
r-oldrel-macos-x86_64 0.3.0 NOTE
r-oldrel-windows-ix86+x86_64 0.3.0 12.00 55.00 67.00 OK

Check Details

Version: 0.3.0
Check: dependencies in R code
Result: NOTE
    Namespace in Imports field not imported from: ‘tibble’
     All declared Imports should be used.
Flavors: r-devel-linux-x86_64-fedora-clang, r-devel-linux-x86_64-fedora-gcc, r-patched-solaris-x86, r-release-macos-x86_64, r-oldrel-macos-x86_64