CRAN Package Check Results for Package gridBase

Last updated on 2020-10-11 01:47:22 CEST.

Flavor Version Tinstall Tcheck Ttotal Status Flags
r-devel-linux-x86_64-debian-clang 0.4-7 2.14 24.89 27.03 NOTE
r-devel-linux-x86_64-debian-gcc 0.4-7 1.59 19.89 21.48 NOTE
r-devel-linux-x86_64-fedora-clang 0.4-7 42.90 NOTE
r-devel-linux-x86_64-fedora-gcc 0.4-7 32.20 NOTE
r-devel-windows-ix86+x86_64 0.4-7 4.00 35.00 39.00 NOTE
r-patched-linux-x86_64 0.4-7 1.86 24.91 26.77 NOTE
r-patched-solaris-x86 0.4-7 47.90 NOTE
r-release-linux-x86_64 0.4-7 2.09 24.45 26.54 NOTE
r-release-macos-x86_64 0.4-7 NOTE
r-release-windows-ix86+x86_64 0.4-7 4.00 44.00 48.00 NOTE
r-oldrel-macos-x86_64 0.4-7 NOTE
r-oldrel-windows-ix86+x86_64 0.4-7 4.00 34.00 38.00 NOTE

Check Details

Version: 0.4-7
Check: DESCRIPTION meta-information
Result: NOTE
    Malformed Description field: should contain one or more complete sentences.
Flavors: r-devel-linux-x86_64-debian-clang, r-devel-linux-x86_64-debian-gcc, r-devel-linux-x86_64-fedora-clang, r-devel-linux-x86_64-fedora-gcc, r-devel-windows-ix86+x86_64, r-patched-linux-x86_64, r-patched-solaris-x86, r-release-linux-x86_64, r-release-macos-x86_64, r-release-windows-ix86+x86_64, r-oldrel-macos-x86_64, r-oldrel-windows-ix86+x86_64