CRAN Package Check Results for Package hash

Last updated on 2020-10-11 01:47:22 CEST.

Flavor Version Tinstall Tcheck Ttotal Status Flags
r-devel-linux-x86_64-debian-clang 2.2.6.1 3.47 27.08 30.55 NOTE
r-devel-linux-x86_64-debian-gcc 2.2.6.1 2.61 21.86 24.47 NOTE
r-devel-linux-x86_64-fedora-clang 2.2.6.1 46.77 NOTE
r-devel-linux-x86_64-fedora-gcc 2.2.6.1 36.43 NOTE
r-devel-windows-ix86+x86_64 2.2.6.1 8.00 37.00 45.00 NOTE
r-patched-linux-x86_64 2.2.6.1 2.96 26.77 29.73 NOTE
r-patched-solaris-x86 2.2.6.1 55.60 NOTE
r-release-linux-x86_64 2.2.6.1 2.91 26.74 29.65 NOTE
r-release-macos-x86_64 2.2.6.1 NOTE
r-release-windows-ix86+x86_64 2.2.6.1 6.00 46.00 52.00 NOTE
r-oldrel-macos-x86_64 2.2.6.1 NOTE
r-oldrel-windows-ix86+x86_64 2.2.6.1 5.00 35.00 40.00 NOTE

Check Details

Version: 2.2.6.1
Check: top-level files
Result: NOTE
    File
     LICENSE
    is not mentioned in the DESCRIPTION file.
    Non-standard file/directory found at top level:
     'dev'
Flavors: r-devel-linux-x86_64-debian-clang, r-devel-linux-x86_64-debian-gcc, r-devel-linux-x86_64-fedora-clang, r-devel-linux-x86_64-fedora-gcc, r-patched-linux-x86_64, r-release-linux-x86_64

Version: 2.2.6.1
Check: top-level files
Result: NOTE
    File
     LICENSE
    is not mentioned in the DESCRIPTION file.
Flavors: r-devel-windows-ix86+x86_64, r-patched-solaris-x86, r-release-macos-x86_64, r-release-windows-ix86+x86_64, r-oldrel-macos-x86_64, r-oldrel-windows-ix86+x86_64