CRAN Package Check Results for Package hbm

Last updated on 2020-10-11 01:47:22 CEST.

Flavor Version Tinstall Tcheck Ttotal Status Flags
r-devel-linux-x86_64-debian-clang 1.0 7.05 61.68 68.73 NOTE
r-devel-linux-x86_64-debian-gcc 1.0 6.72 47.57 54.29 NOTE
r-devel-linux-x86_64-fedora-clang 1.0 91.64 NOTE
r-devel-linux-x86_64-fedora-gcc 1.0 83.13 NOTE
r-devel-windows-ix86+x86_64 1.0 16.00 68.00 84.00 NOTE
r-patched-linux-x86_64 1.0 6.91 57.90 64.81 NOTE
r-patched-solaris-x86 1.0 120.20 NOTE
r-release-linux-x86_64 1.0 7.26 58.05 65.31 NOTE
r-release-macos-x86_64 1.0 NOTE
r-release-windows-ix86+x86_64 1.0 13.00 84.00 97.00 NOTE
r-oldrel-macos-x86_64 1.0 NOTE
r-oldrel-windows-ix86+x86_64 1.0 14.00 62.00 76.00 NOTE

Check Details

Version: 1.0
Check: R code for possible problems
Result: NOTE
    detect.movement: no visible global function definition for 't.test'
    generate.random.conf: no visible global function definition for 'rnorm'
    Undefined global functions or variables:
     rnorm t.test
    Consider adding
     importFrom("stats", "rnorm", "t.test")
    to your NAMESPACE file.
Flavors: r-devel-linux-x86_64-debian-clang, r-devel-linux-x86_64-debian-gcc, r-devel-linux-x86_64-fedora-clang, r-devel-linux-x86_64-fedora-gcc, r-devel-windows-ix86+x86_64, r-patched-linux-x86_64, r-patched-solaris-x86, r-release-linux-x86_64, r-release-macos-x86_64, r-release-windows-ix86+x86_64, r-oldrel-macos-x86_64, r-oldrel-windows-ix86+x86_64