CRAN Package Check Results for Package hermiter

Last updated on 2020-10-11 01:47:22 CEST.

Flavor Version Tinstall Tcheck Ttotal Status Flags
r-devel-linux-x86_64-debian-clang 1.0.0 23.39 43.57 66.96 OK
r-devel-linux-x86_64-debian-gcc 1.0.0 16.40 32.97 49.37 OK
r-devel-linux-x86_64-fedora-clang 1.0.0 97.16 OK
r-devel-linux-x86_64-fedora-gcc 1.0.0 81.95 OK
r-devel-windows-ix86+x86_64 1.0.0 62.00 74.00 136.00 OK
r-patched-linux-x86_64 1.0.0 21.89 42.70 64.59 OK
r-patched-solaris-x86 1.0.0 95.80 WARN
r-release-linux-x86_64 1.0.0 21.86 41.87 63.73 OK
r-release-macos-x86_64 1.0.0 WARN
r-release-windows-ix86+x86_64 1.0.0 46.00 106.00 152.00 OK
r-oldrel-macos-x86_64 1.0.0 WARN
r-oldrel-windows-ix86+x86_64 1.0.0 55.00 62.00 117.00 OK

Check Details

Version: 1.0.0
Check: re-building of vignette outputs
Result: WARN
    Error(s) in re-building vignettes:
     ...
    --- re-building ‘hermiter.Rmd’ using rmarkdown
    Warning in engine$weave(file, quiet = quiet, encoding = enc) :
     Pandoc (>= 1.12.3) and/or pandoc-citeproc not available. Falling back to R Markdown v1.
    
    Attaching package: 'dplyr'
    
    The following objects are masked from 'package:stats':
    
     filter, lag
    
    The following objects are masked from 'package:base':
    
     intersect, setdiff, setequal, union
    
    
    Attaching package: 'data.table'
    
    The following objects are masked from 'package:dplyr':
    
     between, first, last
    
    Quitting from lines 319-321 (hermiter.Rmd)
    Error: processing vignette 'hermiter.Rmd' failed with diagnostics:
    there is no package called 'webshot'
    --- failed re-building ‘hermiter.Rmd’
    
    SUMMARY: processing the following file failed:
     ‘hermiter.Rmd’
    
    Error: Vignette re-building failed.
    Execution halted
Flavor: r-patched-solaris-x86

Version: 1.0.0
Check: re-building of vignette outputs
Result: WARN
    Error(s) in re-building vignettes:
    --- re-building ‘hermiter.Rmd’ using rmarkdown
    Warning in engine$weave(file, quiet = quiet, encoding = enc) :
     Pandoc (>= 1.12.3) and/or pandoc-citeproc not available. Falling back to R Markdown v1.
    
    Attaching package: 'dplyr'
    
    The following objects are masked from 'package:stats':
    
     filter, lag
    
    The following objects are masked from 'package:base':
    
     intersect, setdiff, setequal, union
    
    
    Attaching package: 'data.table'
    
    The following objects are masked from 'package:dplyr':
    
     between, first, last
    
    Quitting from lines 319-321 (hermiter.Rmd)
    Error: processing vignette 'hermiter.Rmd' failed with diagnostics:
    cannot open the connection
    --- failed re-building ‘hermiter.Rmd’
    
    SUMMARY: processing the following file failed:
     ‘hermiter.Rmd’
    
    Error: Vignette re-building failed.
    Execution halted
Flavors: r-release-macos-x86_64, r-oldrel-macos-x86_64