Last updated on 2020-10-11 01:47:22 CEST.
Flavor | Version | Tinstall | Tcheck | Ttotal | Status | Flags |
---|---|---|---|---|---|---|
r-devel-linux-x86_64-debian-clang | 1.1.2 | 75.15 | 143.63 | 218.78 | OK | --no-vignettes |
r-devel-linux-x86_64-debian-gcc | 1.1.2 | 53.76 | 103.85 | 157.61 | OK | --no-vignettes |
r-devel-linux-x86_64-fedora-clang | 1.1.2 | 287.07 | OK | --no-vignettes | ||
r-devel-linux-x86_64-fedora-gcc | 1.1.2 | 265.68 | OK | --no-vignettes | ||
r-devel-windows-ix86+x86_64 | 1.1.2 | 166.00 | 227.00 | 393.00 | OK | --no-vignettes |
r-patched-linux-x86_64 | 1.1.2 | 65.43 | 135.44 | 200.87 | OK | --no-vignettes |
r-patched-solaris-x86 | 1.1.2 | 290.80 | OK | --no-vignettes | ||
r-release-linux-x86_64 | 1.1.2 | 67.84 | 135.76 | 203.60 | OK | --no-vignettes |
r-release-macos-x86_64 | 1.1.2 | FAIL | ||||
r-release-windows-ix86+x86_64 | 1.1.2 | 134.00 | 278.00 | 412.00 | OK | --no-vignettes |
r-oldrel-macos-x86_64 | 1.1.2 | WARN | ||||
r-oldrel-windows-ix86+x86_64 | 1.1.2 | 150.00 | 222.00 | 372.00 | OK | --no-vignettes |
Version: 1.1.2
Check: re-building of vignette outputs
Result: WARN
Error(s) in re-building vignettes:
...
--- re-building ‘hetGP_vignette.Rnw’ using knitr
Execution halted
Flavor: r-release-macos-x86_64
Version: 1.1.2
Check: PDF version of manual
Result: FAIL
Flavor: r-release-macos-x86_64
Version: 1.1.2
Check: re-building of vignette outputs
Result: WARN
Error(s) in re-building vignettes:
...
--- re-building ‘hetGP_vignette.Rnw’ using knitr
Quitting from lines 434-443 (hetGP_vignette.Rnw)
Error: processing vignette 'hetGP_vignette.Rnw' failed with diagnostics:
invalid 'z' limits
--- failed re-building ‘hetGP_vignette.Rnw’
SUMMARY: processing the following file failed:
‘hetGP_vignette.Rnw’
Error: Vignette re-building failed.
Execution halted
Flavor: r-oldrel-macos-x86_64