CRAN Package Check Results for Package hit

Last updated on 2020-10-11 01:47:23 CEST.

Flavor Version Tinstall Tcheck Ttotal Status Flags
r-devel-linux-x86_64-debian-clang 0.4.0 27.39 93.40 120.79 OK
r-devel-linux-x86_64-debian-gcc 0.4.0 20.89 70.50 91.39 OK
r-devel-linux-x86_64-fedora-clang 0.4.0 156.15 NOTE
r-devel-linux-x86_64-fedora-gcc 0.4.0 146.55 NOTE
r-devel-windows-ix86+x86_64 0.4.0 62.00 151.00 213.00 OK
r-patched-linux-x86_64 0.4.0 26.01 88.46 114.47 OK
r-patched-solaris-x86 0.4.0 187.90 OK
r-release-linux-x86_64 0.4.0 25.30 90.09 115.39 OK
r-release-macos-x86_64 0.4.0 OK
r-release-windows-ix86+x86_64 0.4.0 48.00 194.00 242.00 OK
r-oldrel-macos-x86_64 0.4.0 OK
r-oldrel-windows-ix86+x86_64 0.4.0 58.00 121.00 179.00 OK

Check Details

Version: 0.4.0
Check: compiled code
Result: NOTE
    File ‘hit/libs/hit.so’:
     Found no calls to: ‘R_registerRoutines’, ‘R_useDynamicSymbols’
    
    It is good practice to register native routines and to disable symbol
    search.
    
    See ‘Writing portable packages’ in the ‘Writing R Extensions’ manual.
Flavors: r-devel-linux-x86_64-fedora-clang, r-devel-linux-x86_64-fedora-gcc