Last updated on 2020-10-11 01:47:23 CEST.
Flavor | Version | Tinstall | Tcheck | Ttotal | Status | Flags |
---|---|---|---|---|---|---|
r-devel-linux-x86_64-debian-clang | 1.1.4 | 53.53 | 49.99 | 103.52 | OK | |
r-devel-linux-x86_64-debian-gcc | 1.1.4 | 40.60 | 36.54 | 77.14 | OK | |
r-devel-linux-x86_64-fedora-clang | 1.1.4 | 146.52 | NOTE | |||
r-devel-linux-x86_64-fedora-gcc | 1.1.4 | 132.51 | NOTE | |||
r-devel-windows-ix86+x86_64 | 1.1.4 | 110.00 | 130.00 | 240.00 | OK | |
r-patched-linux-x86_64 | 1.1.4 | 49.47 | 48.08 | 97.55 | OK | |
r-patched-solaris-x86 | 1.1.4 | 145.60 | OK | |||
r-release-linux-x86_64 | 1.1.4 | 45.42 | 48.11 | 93.53 | OK | |
r-release-macos-x86_64 | 1.1.4 | NOTE | ||||
r-release-windows-ix86+x86_64 | 1.1.4 | 79.00 | 152.00 | 231.00 | OK | |
r-oldrel-macos-x86_64 | 1.1.4 | OK | ||||
r-oldrel-windows-ix86+x86_64 | 1.1.4 | 102.00 | 135.00 | 237.00 | OK |
Version: 1.1.4
Check: installed package size
Result: NOTE
installed size is 5.1Mb
sub-directories of 1Mb or more:
libs 4.9Mb
Flavors: r-devel-linux-x86_64-fedora-clang, r-release-macos-x86_64
Version: 1.1.4
Check: compiled code
Result: NOTE
File ‘hkevp/libs/hkevp.so’:
Found no calls to: ‘R_registerRoutines’, ‘R_useDynamicSymbols’
It is good practice to register native routines and to disable symbol
search.
See ‘Writing portable packages’ in the ‘Writing R Extensions’ manual.
Flavors: r-devel-linux-x86_64-fedora-clang, r-devel-linux-x86_64-fedora-gcc