Last updated on 2020-10-11 01:47:23 CEST.
Flavor | Version | Tinstall | Tcheck | Ttotal | Status | Flags |
---|---|---|---|---|---|---|
r-devel-linux-x86_64-debian-clang | 1.2 | 6.91 | 76.49 | 83.40 | NOTE | |
r-devel-linux-x86_64-debian-gcc | 1.2 | 7.95 | 58.40 | 66.35 | NOTE | |
r-devel-linux-x86_64-fedora-clang | 1.2 | 112.54 | NOTE | |||
r-devel-linux-x86_64-fedora-gcc | 1.2 | 109.62 | NOTE | |||
r-devel-windows-ix86+x86_64 | 1.2 | 20.00 | 81.00 | 101.00 | OK | |
r-patched-linux-x86_64 | 1.2 | 9.94 | 73.33 | 83.27 | NOTE | |
r-patched-solaris-x86 | 1.2 | 138.10 | NOTE | |||
r-release-linux-x86_64 | 1.2 | 7.96 | 72.39 | 80.35 | NOTE | |
r-release-macos-x86_64 | 1.2 | NOTE | ||||
r-release-windows-ix86+x86_64 | 1.2 | 13.00 | 79.00 | 92.00 | OK | |
r-oldrel-macos-x86_64 | 1.2 | NOTE | ||||
r-oldrel-windows-ix86+x86_64 | 1.2 | 17.00 | 75.00 | 92.00 | OK |
Version: 1.2
Check: package dependencies
Result: NOTE
Package suggested but not available for checking: 'frailtypack'
Flavors: r-devel-linux-x86_64-debian-clang, r-devel-linux-x86_64-debian-gcc, r-devel-linux-x86_64-fedora-clang, r-devel-linux-x86_64-fedora-gcc, r-patched-linux-x86_64, r-patched-solaris-x86, r-release-linux-x86_64
Version: 1.2
Check: package dependencies
Result: NOTE
Package suggested but not available for checking: ‘mixAK’
Flavors: r-release-macos-x86_64, r-oldrel-macos-x86_64