Last updated on 2020-10-11 01:47:23 CEST.
Flavor | Version | Tinstall | Tcheck | Ttotal | Status | Flags |
---|---|---|---|---|---|---|
r-devel-linux-x86_64-debian-clang | 1.0-33 | 113.15 | 38.03 | 151.18 | OK | |
r-devel-linux-x86_64-debian-gcc | 1.0-33 | 90.60 | 31.83 | 122.43 | OK | |
r-devel-linux-x86_64-fedora-clang | 1.0-33 | 219.37 | NOTE | |||
r-devel-linux-x86_64-fedora-gcc | 1.0-33 | 218.91 | OK | |||
r-devel-windows-ix86+x86_64 | 1.0-33 | 237.00 | 108.00 | 345.00 | OK | |
r-patched-linux-x86_64 | 1.0-33 | 107.10 | 39.33 | 146.43 | OK | |
r-patched-solaris-x86 | 1.0-33 | 188.50 | OK | |||
r-release-linux-x86_64 | 1.0-33 | 112.24 | 39.55 | 151.79 | OK | |
r-release-macos-x86_64 | 1.0-33 | NOTE | ||||
r-release-windows-ix86+x86_64 | 1.0-33 | 164.00 | 77.00 | 241.00 | OK | |
r-oldrel-macos-x86_64 | 1.0-33 | NOTE | ||||
r-oldrel-windows-ix86+x86_64 | 1.0-33 | 211.00 | 70.00 | 281.00 | OK |
Version: 1.0-33
Check: installed package size
Result: NOTE
installed size is 27.6Mb
sub-directories of 1Mb or more:
libs 27.3Mb
Flavors: r-devel-linux-x86_64-fedora-clang, r-release-macos-x86_64, r-oldrel-macos-x86_64
Version: 1.0-33
Check: Rd cross-references
Result: NOTE
Undeclared packages ‘RcppEigen’, ‘tripack’ in Rd xrefs
Flavor: r-devel-linux-x86_64-fedora-clang