CRAN Package Check Results for Package ipeadatar

Last updated on 2020-10-11 01:47:23 CEST.

Flavor Version Tinstall Tcheck Ttotal Status Flags
r-devel-linux-x86_64-debian-clang 0.1.1 2.26 22.87 25.13 OK
r-devel-linux-x86_64-debian-gcc 0.1.1 1.66 17.82 19.48 OK
r-devel-linux-x86_64-fedora-clang 0.1.1 39.34 NOTE
r-devel-linux-x86_64-fedora-gcc 0.1.1 32.75 NOTE
r-devel-windows-ix86+x86_64 0.1.1 6.00 35.00 41.00 OK
r-patched-linux-x86_64 0.1.1 2.49 22.35 24.84 OK
r-patched-solaris-x86 0.1.1 43.80 NOTE
r-release-linux-x86_64 0.1.1 2.41 22.55 24.96 OK
r-release-macos-x86_64 0.1.1 NOTE
r-release-windows-ix86+x86_64 0.1.1 5.00 47.00 52.00 OK
r-oldrel-macos-x86_64 0.1.1 NOTE
r-oldrel-windows-ix86+x86_64 0.1.1 4.00 34.00 38.00 OK

Check Details

Version: 0.1.1
Check: dependencies in R code
Result: NOTE
    Namespace in Imports field not imported from: ‘curl’
     All declared Imports should be used.
Flavors: r-devel-linux-x86_64-fedora-clang, r-devel-linux-x86_64-fedora-gcc, r-patched-solaris-x86, r-release-macos-x86_64, r-oldrel-macos-x86_64