Last updated on 2020-10-11 01:47:24 CEST.
Flavor | Version | Tinstall | Tcheck | Ttotal | Status | Flags |
---|---|---|---|---|---|---|
r-devel-linux-x86_64-debian-clang | 1.7.2 | 3.42 | 31.14 | 34.56 | OK | |
r-devel-linux-x86_64-debian-gcc | 1.7.2 | 2.78 | 24.38 | 27.16 | OK | |
r-devel-linux-x86_64-fedora-clang | 1.7.2 | 50.25 | NOTE | |||
r-devel-linux-x86_64-fedora-gcc | 1.7.2 | 42.61 | NOTE | |||
r-devel-windows-ix86+x86_64 | 1.7.2 | 9.00 | 41.00 | 50.00 | OK | |
r-patched-linux-x86_64 | 1.7.2 | 3.54 | 30.42 | 33.96 | OK | |
r-patched-solaris-x86 | 1.7.2 | 69.90 | NOTE | |||
r-release-linux-x86_64 | 1.7.2 | 3.05 | 30.24 | 33.29 | OK | |
r-release-macos-x86_64 | 1.7.2 | NOTE | ||||
r-release-windows-ix86+x86_64 | 1.7.2 | 7.00 | 55.00 | 62.00 | OK | |
r-oldrel-macos-x86_64 | 1.7.2 | NOTE | ||||
r-oldrel-windows-ix86+x86_64 | 1.7.2 | 6.00 | 36.00 | 42.00 | OK |
Version: 1.7.2
Check: dependencies in R code
Result: NOTE
Namespaces in Imports field not imported from:
‘MASS’ ‘ggExtra’ ‘ggplot2’ ‘grid’ ‘gridExtra’ ‘mcmcplots’
All declared Imports should be used.
Flavors: r-devel-linux-x86_64-fedora-clang, r-devel-linux-x86_64-fedora-gcc, r-patched-solaris-x86, r-release-macos-x86_64, r-oldrel-macos-x86_64