CRAN Package Check Results for Package jtools

Last updated on 2020-10-11 01:47:24 CEST.

Flavor Version Tinstall Tcheck Ttotal Status Flags
r-devel-linux-x86_64-debian-clang 2.1.0 11.50 168.88 180.38 OK
r-devel-linux-x86_64-debian-gcc 2.1.0 9.96 124.03 133.99 OK
r-devel-linux-x86_64-fedora-clang 2.1.0 215.76 NOTE
r-devel-linux-x86_64-fedora-gcc 2.1.0 256.75 NOTE
r-devel-windows-ix86+x86_64 2.1.0 24.00 226.00 250.00 OK
r-patched-linux-x86_64 2.1.0 13.77 155.94 169.71 OK
r-patched-solaris-x86 2.1.0 262.00 NOTE
r-release-linux-x86_64 2.1.0 10.45 158.95 169.40 OK
r-release-macos-x86_64 2.1.0 NOTE
r-release-windows-ix86+x86_64 2.1.0 21.00 230.00 251.00 OK
r-oldrel-macos-x86_64 2.1.0 NOTE
r-oldrel-windows-ix86+x86_64 2.1.0 21.00 148.00 169.00 OK

Check Details

Version: 2.1.0
Check: Rd cross-references
Result: NOTE
    Undeclared packages ‘wec’, ‘arm’, ‘interactions’, ‘piecewiseSEM’ in Rd xrefs
Flavor: r-devel-linux-x86_64-fedora-clang

Version: 2.1.0
Check: data for non-ASCII characters
Result: NOTE
     Note: found 91 marked UTF-8 strings
Flavors: r-devel-linux-x86_64-fedora-clang, r-devel-linux-x86_64-fedora-gcc, r-patched-solaris-x86, r-release-macos-x86_64, r-oldrel-macos-x86_64