CRAN Package Check Results for Package kernhaz

Last updated on 2020-10-11 01:47:24 CEST.

Flavor Version Tinstall Tcheck Ttotal Status Flags
r-devel-linux-x86_64-debian-clang 0.1.0 6.73 60.02 66.75 OK
r-devel-linux-x86_64-debian-gcc 0.1.0 5.00 46.62 51.62 OK
r-devel-linux-x86_64-fedora-clang 0.1.0 88.13 OK
r-devel-linux-x86_64-fedora-gcc 0.1.0 79.62 OK
r-devel-windows-ix86+x86_64 0.1.0 14.00 68.00 82.00 OK
r-patched-linux-x86_64 0.1.0 6.13 57.25 63.38 OK
r-patched-solaris-x86 0.1.0 123.80 OK
r-release-linux-x86_64 0.1.0 6.95 58.58 65.53 OK
r-release-macos-x86_64 0.1.0 OK
r-release-windows-ix86+x86_64 0.1.0 12.00 90.00 102.00 OK
r-oldrel-macos-x86_64 0.1.0 WARN
r-oldrel-windows-ix86+x86_64 0.1.0 12.00 59.00 71.00 OK

Check Details

Version: 0.1.0
Check: whether package can be installed
Result: WARN
    Found the following significant warnings:
     Warning: 'rgl_init' failed, running with rgl.useNULL = TRUE
Flavor: r-oldrel-macos-x86_64