Last updated on 2020-10-11 01:47:24 CEST.
Flavor | Version | Tinstall | Tcheck | Ttotal | Status | Flags |
---|---|---|---|---|---|---|
r-devel-linux-x86_64-debian-clang | 1.0.5 | 2.89 | 26.22 | 29.11 | OK | |
r-devel-linux-x86_64-debian-gcc | 1.0.5 | 2.26 | 20.79 | 23.05 | OK | |
r-devel-linux-x86_64-fedora-clang | 1.0.5 | 44.31 | OK | |||
r-devel-linux-x86_64-fedora-gcc | 1.0.5 | 35.92 | OK | |||
r-devel-windows-ix86+x86_64 | 1.0.5 | 6.00 | 32.00 | 38.00 | OK | |
r-patched-linux-x86_64 | 1.0.5 | 3.06 | 25.17 | 28.23 | OK | |
r-patched-solaris-x86 | 1.0.5 | 50.70 | OK | |||
r-release-linux-x86_64 | 1.0.5 | 3.01 | 25.46 | 28.47 | OK | |
r-release-macos-x86_64 | 1.0.5 | OK | ||||
r-release-windows-ix86+x86_64 | 1.0.5 | 5.00 | 44.00 | 49.00 | OK | |
r-oldrel-macos-x86_64 | 1.0.5 | NOTE | ||||
r-oldrel-windows-ix86+x86_64 | 1.0.5 | 5.00 | 38.00 | 43.00 | OK |
Version: 1.0.5
Check: package dependencies
Result: NOTE
Package suggested but not available for checking: ‘org.Hs.eg.db’
Flavor: r-oldrel-macos-x86_64