Last updated on 2020-10-11 01:47:24 CEST.
Flavor | Version | Tinstall | Tcheck | Ttotal | Status | Flags |
---|---|---|---|---|---|---|
r-devel-linux-x86_64-debian-clang | 1.0.1 | 101.56 | 158.51 | 260.07 | OK | |
r-devel-linux-x86_64-debian-gcc | 1.0.1 | 78.01 | 119.88 | 197.89 | OK | |
r-devel-linux-x86_64-fedora-clang | 1.0.1 | 344.13 | NOTE | |||
r-devel-linux-x86_64-fedora-gcc | 1.0.1 | 343.89 | OK | |||
r-devel-windows-ix86+x86_64 | 1.0.1 | 213.00 | 289.00 | 502.00 | NOTE | |
r-patched-linux-x86_64 | 1.0.1 | 95.48 | 151.13 | 246.61 | OK | |
r-patched-solaris-x86 | 1.0.1 | 359.80 | OK | |||
r-release-linux-x86_64 | 1.0.1 | 94.88 | 149.27 | 244.15 | OK | |
r-release-macos-x86_64 | 1.0.1 | NOTE | ||||
r-release-windows-ix86+x86_64 | 1.0.1 | 165.00 | 268.00 | 433.00 | NOTE | |
r-oldrel-macos-x86_64 | 1.0.1 | NOTE | ||||
r-oldrel-windows-ix86+x86_64 | 1.0.1 | 206.00 | 193.00 | 399.00 | OK |
Version: 1.0.1
Check: installed package size
Result: NOTE
installed size is 10.2Mb
sub-directories of 1Mb or more:
libs 7.9Mb
Flavors: r-devel-linux-x86_64-fedora-clang, r-devel-windows-ix86+x86_64, r-release-macos-x86_64, r-release-windows-ix86+x86_64, r-oldrel-macos-x86_64