Last updated on 2020-10-11 01:47:24 CEST.
Flavor | Version | Tinstall | Tcheck | Ttotal | Status | Flags |
---|---|---|---|---|---|---|
r-devel-linux-x86_64-debian-clang | 0.4.0 | 2.42 | 31.07 | 33.49 | NOTE | |
r-devel-linux-x86_64-debian-gcc | 0.4.0 | 1.70 | 23.88 | 25.58 | NOTE | |
r-devel-linux-x86_64-fedora-clang | 0.4.0 | 48.78 | OK | |||
r-devel-linux-x86_64-fedora-gcc | 0.4.0 | 41.75 | OK | |||
r-devel-windows-ix86+x86_64 | 0.4.0 | 5.00 | 41.00 | 46.00 | NOTE | |
r-patched-linux-x86_64 | 0.4.0 | 2.26 | 30.62 | 32.88 | NOTE | |
r-patched-solaris-x86 | 0.4.0 | 60.60 | OK | |||
r-release-linux-x86_64 | 0.4.0 | 2.24 | 30.22 | 32.46 | NOTE | |
r-release-macos-x86_64 | 0.4.0 | OK | ||||
r-release-windows-ix86+x86_64 | 0.4.0 | 4.00 | 55.00 | 59.00 | NOTE | |
r-oldrel-macos-x86_64 | 0.4.0 | OK | ||||
r-oldrel-windows-ix86+x86_64 | 0.4.0 | 4.00 | 36.00 | 40.00 | OK |
Version: 0.4.0
Check: package vignettes
Result: NOTE
Package vignette with placeholder title 'Vignette Title':
'using-latex2exp.Rmd'
Flavors: r-devel-linux-x86_64-debian-clang, r-devel-linux-x86_64-debian-gcc, r-devel-windows-ix86+x86_64, r-patched-linux-x86_64, r-release-linux-x86_64, r-release-windows-ix86+x86_64