Last updated on 2020-10-11 01:47:24 CEST.
Flavor | Version | Tinstall | Tcheck | Ttotal | Status | Flags |
---|---|---|---|---|---|---|
r-devel-linux-x86_64-debian-clang | 1.6.8 | 36.93 | 387.08 | 424.01 | NOTE | |
r-devel-linux-x86_64-debian-gcc | 1.6.8 | 31.93 | 282.00 | 313.93 | NOTE | |
r-devel-linux-x86_64-fedora-clang | 1.6.8 | 496.16 | NOTE | |||
r-devel-linux-x86_64-fedora-gcc | 1.6.8 | 528.97 | NOTE | |||
r-devel-windows-ix86+x86_64 | 1.6.8 | 61.00 | 449.00 | 510.00 | OK | |
r-patched-linux-x86_64 | 1.6.8 | 36.68 | 363.31 | 399.99 | NOTE | |
r-patched-solaris-x86 | 1.6.8 | 582.10 | NOTE | |||
r-release-linux-x86_64 | 1.6.8 | 36.33 | 357.90 | 394.23 | NOTE | |
r-release-macos-x86_64 | 1.6.8 | OK | ||||
r-release-windows-ix86+x86_64 | 1.6.8 | 48.00 | 412.00 | 460.00 | OK | |
r-oldrel-macos-x86_64 | 1.6.8 | OK | ||||
r-oldrel-windows-ix86+x86_64 | 1.6.8 | 57.00 | 308.00 | 365.00 | OK |
Version: 1.6.8
Check: package dependencies
Result: NOTE
Packages suggested but not available for checking: 'gof', 'lava.tobit'
Flavors: r-devel-linux-x86_64-debian-clang, r-devel-linux-x86_64-debian-gcc, r-devel-linux-x86_64-fedora-clang, r-devel-linux-x86_64-fedora-gcc, r-patched-linux-x86_64, r-patched-solaris-x86, r-release-linux-x86_64