CRAN Package Check Results for Package lhs

Last updated on 2020-10-11 01:47:24 CEST.

Flavor Version Tinstall Tcheck Ttotal Status Flags
r-devel-linux-x86_64-debian-clang 1.1.1 189.28 63.59 252.87 OK
r-devel-linux-x86_64-debian-gcc 1.1.1 126.04 48.40 174.44 OK
r-devel-linux-x86_64-fedora-clang 1.1.1 382.75 NOTE
r-devel-linux-x86_64-fedora-gcc 1.1.1 318.36 OK
r-devel-windows-ix86+x86_64 1.1.1 423.00 102.00 525.00 OK
r-patched-linux-x86_64 1.1.1 158.84 60.09 218.93 OK
r-patched-solaris-x86 1.1.1 278.30 OK
r-release-linux-x86_64 1.1.1 165.04 59.96 225.00 OK
r-release-macos-x86_64 1.1.1 OK
r-release-windows-ix86+x86_64 1.1.1 427.00 134.00 561.00 OK
r-oldrel-macos-x86_64 1.1.1 OK
r-oldrel-windows-ix86+x86_64 1.1.1 392.00 137.00 529.00 OK

Check Details

Version: 1.1.1
Check: installed package size
Result: NOTE
     installed size is 5.8Mb
     sub-directories of 1Mb or more:
     libs 5.4Mb
Flavor: r-devel-linux-x86_64-fedora-clang