Last updated on 2020-10-11 01:47:24 CEST.
Flavor | Version | Tinstall | Tcheck | Ttotal | Status | Flags |
---|---|---|---|---|---|---|
r-devel-linux-x86_64-debian-clang | 1.1.2 | 32.54 | 153.70 | 186.24 | OK | |
r-devel-linux-x86_64-debian-gcc | 1.1.2 | 25.23 | 105.49 | 130.72 | OK | |
r-devel-linux-x86_64-fedora-clang | 1.1.2 | 247.30 | NOTE | |||
r-devel-linux-x86_64-fedora-gcc | 1.1.2 | 227.41 | OK | |||
r-devel-windows-ix86+x86_64 | 1.1.2 | 81.00 | 208.00 | 289.00 | NOTE | |
r-patched-linux-x86_64 | 1.1.2 | 32.57 | 142.72 | 175.29 | OK | |
r-patched-solaris-x86 | 1.1.2 | 323.50 | NOTE | |||
r-release-linux-x86_64 | 1.1.2 | 31.13 | 142.69 | 173.82 | OK | |
r-release-macos-x86_64 | 1.1.2 | NOTE | ||||
r-release-windows-ix86+x86_64 | 1.1.2 | 54.00 | 248.00 | 302.00 | NOTE | |
r-oldrel-macos-x86_64 | 1.1.2 | NOTE | ||||
r-oldrel-windows-ix86+x86_64 | 1.1.2 | 70.00 | 192.00 | 262.00 | NOTE |
Version: 1.1.2
Check: installed package size
Result: NOTE
installed size is 6.5Mb
sub-directories of 1Mb or more:
data 3.3Mb
doc 2.1Mb
Flavors: r-devel-linux-x86_64-fedora-clang, r-devel-windows-ix86+x86_64, r-patched-solaris-x86, r-release-macos-x86_64, r-release-windows-ix86+x86_64, r-oldrel-macos-x86_64, r-oldrel-windows-ix86+x86_64