CRAN Package Check Results for Package linkspotter

Last updated on 2020-10-11 01:47:24 CEST.

Flavor Version Tinstall Tcheck Ttotal Status Flags
r-devel-linux-x86_64-debian-clang 1.3.0 8.03 90.19 98.22 OK
r-devel-linux-x86_64-debian-gcc 1.3.0 7.78 68.60 76.38 OK
r-devel-linux-x86_64-fedora-clang 1.3.0 125.15 OK
r-devel-linux-x86_64-fedora-gcc 1.3.0 120.64 OK
r-devel-windows-ix86+x86_64 1.3.0 21.00 94.00 115.00 OK
r-patched-linux-x86_64 1.3.0 9.15 84.27 93.42 OK
r-patched-solaris-x86 1.3.0 148.90 WARN
r-release-linux-x86_64 1.3.0 8.74 83.42 92.16 OK
r-release-macos-x86_64 1.3.0 WARN
r-release-windows-ix86+x86_64 1.3.0 17.00 119.00 136.00 OK
r-oldrel-macos-x86_64 1.3.0 WARN
r-oldrel-windows-ix86+x86_64 1.3.0 17.00 84.00 101.00 OK

Check Details

Version: 1.3.0
Check: re-building of vignette outputs
Result: WARN
    Error(s) in re-building vignettes:
     ...
    --- re-building ‘linkspotterVignette.Rmd’ using rmarkdown
    Warning in engine$weave(file, quiet = quiet, encoding = enc) :
     Pandoc (>= 1.12.3) and/or pandoc-citeproc not available. Falling back to R Markdown v1.
    Quitting from lines 109-112 (linkspotterVignette.Rmd)
    Error: processing vignette 'linkspotterVignette.Rmd' failed with diagnostics:
    there is no package called 'webshot'
    --- failed re-building ‘linkspotterVignette.Rmd’
    
    SUMMARY: processing the following file failed:
     ‘linkspotterVignette.Rmd’
    
    Error: Vignette re-building failed.
    Execution halted
Flavor: r-patched-solaris-x86

Version: 1.3.0
Check: re-building of vignette outputs
Result: WARN
    Error(s) in re-building vignettes:
     ...
    --- re-building ‘linkspotterVignette.Rmd’ using rmarkdown
    Warning in engine$weave(file, quiet = quiet, encoding = enc) :
     Pandoc (>= 1.12.3) and/or pandoc-citeproc not available. Falling back to R Markdown v1.
    Quitting from lines 109-112 (linkspotterVignette.Rmd)
    Error: processing vignette 'linkspotterVignette.Rmd' failed with diagnostics:
    cannot open the connection
    --- failed re-building ‘linkspotterVignette.Rmd’
    
    SUMMARY: processing the following file failed:
     ‘linkspotterVignette.Rmd’
    
    Error: Vignette re-building failed.
    Execution halted
Flavors: r-release-macos-x86_64, r-oldrel-macos-x86_64