Last updated on 2020-10-11 01:47:24 CEST.
Flavor | Version | Tinstall | Tcheck | Ttotal | Status | Flags |
---|---|---|---|---|---|---|
r-devel-linux-x86_64-debian-clang | 1.1 | 3.35 | 27.18 | 30.53 | OK | |
r-devel-linux-x86_64-debian-gcc | 1.1 | 2.63 | 21.26 | 23.89 | OK | |
r-devel-linux-x86_64-fedora-clang | 1.1 | 46.35 | NOTE | |||
r-devel-linux-x86_64-fedora-gcc | 1.1 | 38.17 | NOTE | |||
r-devel-windows-ix86+x86_64 | 1.1 | 9.00 | 67.00 | 76.00 | OK | |
r-patched-linux-x86_64 | 1.1 | 3.34 | 26.59 | 29.93 | OK | |
r-patched-solaris-x86 | 1.1 | 57.50 | OK | |||
r-release-linux-x86_64 | 1.1 | 3.30 | 26.50 | 29.80 | OK | |
r-release-macos-x86_64 | 1.1 | OK | ||||
r-release-windows-ix86+x86_64 | 1.1 | 8.00 | 55.00 | 63.00 | OK | |
r-oldrel-macos-x86_64 | 1.1 | OK | ||||
r-oldrel-windows-ix86+x86_64 | 1.1 | 8.00 | 43.00 | 51.00 | OK |
Version: 1.1
Check: compiled code
Result: NOTE
File ‘loe/libs/loe.so’:
Found no calls to: ‘R_registerRoutines’, ‘R_useDynamicSymbols’
It is good practice to register native routines and to disable symbol
search.
See ‘Writing portable packages’ in the ‘Writing R Extensions’ manual.
Flavors: r-devel-linux-x86_64-fedora-clang, r-devel-linux-x86_64-fedora-gcc