Last updated on 2020-10-11 01:47:24 CEST.
Flavor | Version | Tinstall | Tcheck | Ttotal | Status | Flags |
---|---|---|---|---|---|---|
r-devel-linux-x86_64-debian-clang | 1.0.1 | 2.16 | 17.99 | 20.15 | NOTE | |
r-devel-linux-x86_64-debian-gcc | 1.0.1 | 1.79 | 14.47 | 16.26 | NOTE | |
r-devel-linux-x86_64-fedora-clang | 1.0.1 | 34.40 | NOTE | |||
r-devel-linux-x86_64-fedora-gcc | 1.0.1 | 25.25 | NOTE | |||
r-devel-windows-ix86+x86_64 | 1.0.1 | 6.00 | 39.00 | 45.00 | NOTE | |
r-patched-linux-x86_64 | 1.0.1 | 2.29 | 17.56 | 19.85 | NOTE | |
r-patched-solaris-x86 | 1.0.1 | 37.50 | NOTE | |||
r-release-linux-x86_64 | 1.0.1 | 2.16 | 17.77 | 19.93 | NOTE | |
r-release-macos-x86_64 | 1.0.1 | NOTE | ||||
r-release-windows-ix86+x86_64 | 1.0.1 | 8.00 | 36.00 | 44.00 | NOTE | |
r-oldrel-macos-x86_64 | 1.0.1 | NOTE | ||||
r-oldrel-windows-ix86+x86_64 | 1.0.1 | 6.00 | 43.00 | 49.00 | NOTE |
Version: 1.0.1
Check: DESCRIPTION meta-information
Result: NOTE
Malformed Description field: should contain one or more complete sentences.
Flavors: r-devel-linux-x86_64-debian-clang, r-devel-linux-x86_64-debian-gcc, r-devel-linux-x86_64-fedora-clang, r-devel-linux-x86_64-fedora-gcc, r-devel-windows-ix86+x86_64, r-patched-linux-x86_64, r-patched-solaris-x86, r-release-linux-x86_64, r-release-macos-x86_64, r-release-windows-ix86+x86_64, r-oldrel-macos-x86_64, r-oldrel-windows-ix86+x86_64
Version: 1.0.1
Check: R code for possible problems
Result: NOTE
rloglognorm: no visible global function definition for 'runif'
Undefined global functions or variables:
runif
Consider adding
importFrom("stats", "runif")
to your NAMESPACE file.
Flavors: r-devel-linux-x86_64-debian-clang, r-devel-linux-x86_64-debian-gcc, r-devel-linux-x86_64-fedora-clang, r-devel-linux-x86_64-fedora-gcc, r-devel-windows-ix86+x86_64, r-patched-linux-x86_64, r-patched-solaris-x86, r-release-linux-x86_64, r-release-macos-x86_64, r-release-windows-ix86+x86_64, r-oldrel-macos-x86_64, r-oldrel-windows-ix86+x86_64
Version: 1.0.1
Check: compiled code
Result: NOTE
File ‘loglognorm/libs/loglognorm.so’:
Found no calls to: ‘R_registerRoutines’, ‘R_useDynamicSymbols’
It is good practice to register native routines and to disable symbol
search.
See ‘Writing portable packages’ in the ‘Writing R Extensions’ manual.
Flavors: r-devel-linux-x86_64-fedora-clang, r-devel-linux-x86_64-fedora-gcc