Last updated on 2020-10-11 01:47:25 CEST.
Flavor | Version | Tinstall | Tcheck | Ttotal | Status | Flags |
---|---|---|---|---|---|---|
r-devel-linux-x86_64-debian-clang | 1.3.1 | 22.82 | 120.59 | 143.41 | OK | |
r-devel-linux-x86_64-debian-gcc | 1.3.1 | 17.64 | 92.88 | 110.52 | OK | |
r-devel-linux-x86_64-fedora-clang | 1.3.1 | 189.62 | OK | |||
r-devel-linux-x86_64-fedora-gcc | 1.3.1 | 187.87 | OK | |||
r-devel-windows-ix86+x86_64 | 1.3.1 | 29.00 | 154.00 | 183.00 | OK | |
r-patched-linux-x86_64 | 1.3.1 | 21.86 | 114.36 | 136.22 | OK | |
r-patched-solaris-x86 | 1.3.1 | 179.50 | OK | |||
r-release-linux-x86_64 | 1.3.1 | 20.90 | 115.27 | 136.17 | OK | |
r-release-macos-x86_64 | 1.3.1 | NOTE | ||||
r-release-windows-ix86+x86_64 | 1.3.1 | 22.00 | 128.00 | 150.00 | OK | |
r-oldrel-macos-x86_64 | 1.3.1 | NOTE | ||||
r-oldrel-windows-ix86+x86_64 | 1.3.1 | 31.00 | 104.00 | 135.00 | OK |
Version: 1.3.1
Check: package dependencies
Result: NOTE
Package suggested but not available for checking: ‘RDRToolbox’
Flavors: r-release-macos-x86_64, r-oldrel-macos-x86_64