CRAN Package Check Results for Package mail

Last updated on 2020-10-11 01:47:25 CEST.

Flavor Version Tinstall Tcheck Ttotal Status Flags
r-devel-linux-x86_64-debian-clang 1.0 1.61 17.42 19.03 NOTE
r-devel-linux-x86_64-debian-gcc 1.0 1.37 13.89 15.26 NOTE
r-devel-linux-x86_64-fedora-clang 1.0 32.70 NOTE
r-devel-linux-x86_64-fedora-gcc 1.0 23.88 NOTE
r-devel-windows-ix86+x86_64 1.0 4.00 28.00 32.00 NOTE
r-patched-linux-x86_64 1.0 1.61 16.98 18.59 NOTE
r-patched-solaris-x86 1.0 36.70 NOTE
r-release-linux-x86_64 1.0 1.50 16.98 18.48 NOTE
r-release-macos-x86_64 1.0 NOTE
r-release-windows-ix86+x86_64 1.0 4.00 29.00 33.00 NOTE
r-oldrel-macos-x86_64 1.0 NOTE
r-oldrel-windows-ix86+x86_64 1.0 5.00 37.00 42.00 NOTE

Check Details

Version: 1.0
Check: DESCRIPTION meta-information
Result: NOTE
    Malformed Description field: should contain one or more complete sentences.
Flavors: r-devel-linux-x86_64-debian-clang, r-devel-linux-x86_64-debian-gcc, r-devel-linux-x86_64-fedora-clang, r-devel-linux-x86_64-fedora-gcc, r-devel-windows-ix86+x86_64, r-patched-linux-x86_64, r-patched-solaris-x86, r-release-linux-x86_64, r-release-macos-x86_64, r-release-windows-ix86+x86_64, r-oldrel-macos-x86_64, r-oldrel-windows-ix86+x86_64