Last updated on 2020-10-11 01:47:25 CEST.
Flavor | Version | Tinstall | Tcheck | Ttotal | Status | Flags |
---|---|---|---|---|---|---|
r-devel-linux-x86_64-debian-clang | 1.0.4 | 14.55 | 176.92 | 191.47 | OK | |
r-devel-linux-x86_64-debian-gcc | 1.0.4 | 10.68 | 132.29 | 142.97 | OK | |
r-devel-linux-x86_64-fedora-clang | 1.0.4 | 235.21 | NOTE | |||
r-devel-linux-x86_64-fedora-gcc | 1.0.4 | 250.31 | OK | |||
r-devel-windows-ix86+x86_64 | 1.0.4 | 33.00 | 221.00 | 254.00 | OK | |
r-patched-linux-x86_64 | 1.0.4 | 12.91 | 163.26 | 176.17 | OK | |
r-patched-solaris-x86 | 1.0.4 | 321.60 | OK | |||
r-release-linux-x86_64 | 1.0.4 | 14.77 | 167.12 | 181.89 | OK | |
r-release-macos-x86_64 | 1.0.4 | OK | ||||
r-release-windows-ix86+x86_64 | 1.0.4 | 23.00 | 161.00 | 184.00 | OK | |
r-oldrel-macos-x86_64 | 1.0.4 | OK | ||||
r-oldrel-windows-ix86+x86_64 | 1.0.4 | 27.00 | 152.00 | 179.00 | OK |
Version: 1.0.4
Check: Rd cross-references
Result: NOTE
Undeclared package ‘maptools’ in Rd xrefs
Flavor: r-devel-linux-x86_64-fedora-clang