Last updated on 2020-10-11 01:47:25 CEST.
Flavor | Version | Tinstall | Tcheck | Ttotal | Status | Flags |
---|---|---|---|---|---|---|
r-devel-linux-x86_64-debian-clang | 0.1.1 | 2.09 | 19.29 | 21.38 | NOTE | |
r-devel-linux-x86_64-debian-gcc | 0.1.1 | 1.70 | 15.30 | 17.00 | NOTE | |
r-devel-linux-x86_64-fedora-clang | 0.1.1 | 36.73 | NOTE | |||
r-devel-linux-x86_64-fedora-gcc | 0.1.1 | 26.46 | NOTE | |||
r-devel-windows-ix86+x86_64 | 0.1.1 | 4.00 | 30.00 | 34.00 | NOTE | |
r-patched-linux-x86_64 | 0.1.1 | 1.90 | 18.85 | 20.75 | NOTE | |
r-patched-solaris-x86 | 0.1.1 | 38.90 | NOTE | |||
r-release-linux-x86_64 | 0.1.1 | 1.81 | 19.39 | 21.20 | NOTE | |
r-release-macos-x86_64 | 0.1.1 | NOTE | ||||
r-release-windows-ix86+x86_64 | 0.1.1 | 4.00 | 37.00 | 41.00 | NOTE | |
r-oldrel-macos-x86_64 | 0.1.1 | NOTE | ||||
r-oldrel-windows-ix86+x86_64 | 0.1.1 | 4.00 | 33.00 | 37.00 | NOTE |
Version: 0.1.1
Check: package dependencies
Result: NOTE
Package suggested but not available for checking: 'gputools'
Flavors: r-devel-linux-x86_64-debian-clang, r-devel-linux-x86_64-debian-gcc, r-devel-linux-x86_64-fedora-clang, r-devel-linux-x86_64-fedora-gcc, r-devel-windows-ix86+x86_64, r-patched-linux-x86_64, r-patched-solaris-x86, r-release-linux-x86_64, r-release-macos-x86_64, r-release-windows-ix86+x86_64, r-oldrel-macos-x86_64, r-oldrel-windows-ix86+x86_64
Version: 0.1.1
Check: dependencies in R code
Result: NOTE
'library' or 'require' call to 'bigmemory' in package code.
Please use :: or requireNamespace() instead.
See section 'Suggested packages' in the 'Writing R Extensions' manual.
Flavors: r-devel-linux-x86_64-debian-clang, r-devel-linux-x86_64-debian-gcc, r-devel-linux-x86_64-fedora-clang, r-devel-linux-x86_64-fedora-gcc, r-devel-windows-ix86+x86_64, r-patched-linux-x86_64, r-patched-solaris-x86, r-release-linux-x86_64, r-release-macos-x86_64, r-release-windows-ix86+x86_64, r-oldrel-macos-x86_64, r-oldrel-windows-ix86+x86_64