Last updated on 2020-10-11 01:47:25 CEST.
Flavor | Version | Tinstall | Tcheck | Ttotal | Status | Flags |
---|---|---|---|---|---|---|
r-devel-linux-x86_64-debian-clang | 1.2.1 | 9.50 | 58.43 | 67.93 | NOTE | |
r-devel-linux-x86_64-debian-gcc | 1.2.1 | 7.18 | 44.35 | 51.53 | NOTE | |
r-devel-linux-x86_64-fedora-clang | 1.2.1 | 88.39 | NOTE | |||
r-devel-linux-x86_64-fedora-gcc | 1.2.1 | 81.72 | NOTE | |||
r-devel-windows-ix86+x86_64 | 1.2.1 | 15.00 | 94.00 | 109.00 | NOTE | |
r-patched-linux-x86_64 | 1.2.1 | 8.28 | 55.05 | 63.33 | NOTE | |
r-patched-solaris-x86 | 1.2.1 | 98.00 | NOTE | |||
r-release-linux-x86_64 | 1.2.1 | 7.96 | 56.28 | 64.24 | NOTE | |
r-release-macos-x86_64 | 1.2.1 | NOTE | ||||
r-release-windows-ix86+x86_64 | 1.2.1 | 18.00 | 73.00 | 91.00 | NOTE | |
r-oldrel-macos-x86_64 | 1.2.1 | NOTE | ||||
r-oldrel-windows-ix86+x86_64 | 1.2.1 | 15.00 | 68.00 | 83.00 | NOTE |
Version: 1.2.1
Check: R code for possible problems
Result: NOTE
MCResult.plot: no visible global function definition for 'rgb'
MCResult.plot: no visible global function definition for 'cor'
MCResult.plot: no visible global function definition for 'mtext'
MCResult.plot: no visible global function definition for 'polygon'
MCResult.plot: no visible global function definition for 'grid'
MCResult.plot: no visible global function definition for 'points'
MCResult.plot: no visible global function definition for 'title'
MCResult.plot: no visible global function definition for 'abline'
MCResult.plot: no visible global function definition for 'legend'
MCResult.plot: no visible global function definition for 'box'
MCResult.plotBias: no visible global function definition for 'rgb'
MCResult.plotBias: no visible global function definition for 'polygon'
MCResult.plotBias: no visible global function definition for 'points'
MCResult.plotBias: no visible global function definition for 'abline'
MCResult.plotBias: no visible global function definition for 'title'
MCResult.plotBias: no visible global function definition for 'segments'
MCResult.plotBias: no visible global function definition for 'box'
MCResult.plotDifference: no visible global function definition for 'sd'
MCResult.plotDifference: no visible global function definition for
'par'
MCResult.plotDifference: no visible global function definition for
'grid'
MCResult.plotDifference: no visible global function definition for
'abline'
MCResult.plotDifference: no visible global function definition for
'mtext'
MCResult.plotResiduals: no visible global function definition for
'grid'
MCResult.plotResiduals: no visible global function definition for
'abline'
MCResultAnalytical.calcResponse: no visible global function definition
for 'qt'
MCResultBCa.bootstrapSummary: no visible global function definition for
'sd'
MCResultBCa.calcResponse: no visible binding for global variable 'sd'
MCResultBCa.calcResponse: no visible global function definition for
'qt'
MCResultBCa.calcResponse: no visible binding for global variable
'quantile'
MCResultBCa.plotBootstrapCoefficients: no visible global function
definition for 'layout'
MCResultBCa.plotBootstrapCoefficients: no visible global function
definition for 'abline'
MCResultBCa.plotBootstrapCoefficients: no visible global function
definition for 'density'
MCResultBCa.plotBootstrapCoefficients: no visible global function
definition for 'hist'
MCResultBCa.plotBootstrapCoefficients: no visible global function
definition for 'points'
MCResultBCa.plotBootstrapCoefficients: no visible global function
definition for 'text'
MCResultBCa.plotBootstrapT: no visible global function definition for
'rt'
MCResultBCa.plotBootstrapT: no visible global function definition for
'par'
MCResultBCa.plotBootstrapT: no visible global function definition for
'density'
MCResultBCa.plotBootstrapT: no visible global function definition for
'hist'
MCResultBCa.plotBootstrapT: no visible global function definition for
'dt'
MCResultBCa.plotBootstrapT: no visible global function definition for
'points'
MCResultBCa.plotBootstrapT: no visible global function definition for
'legend'
MCResultBCa.plotBootstrapT: no visible global function definition for
'qqplot'
MCResultBCa.plotBootstrapT: no visible global function definition for
'abline'
MCResultJackknife.calcResponse: no visible binding for global variable
'sd'
MCResultJackknife.calcResponse: no visible global function definition
for 'qt'
MCResultJackknife.plotwithRJIF: no visible global function definition
for 'par'
MCResultJackknife.plotwithRJIF: no visible global function definition
for 'points'
MCResultJackknife.plotwithRJIF: no visible global function definition
for 'text'
MCResultJackknife.plotwithRJIF: no visible global function definition
for 'mtext'
MCResultResampling.bootstrapSummary: no visible global function
definition for 'sd'
MCResultResampling.calcResponse: no visible binding for global variable
'sd'
MCResultResampling.calcResponse: no visible global function definition
for 'qt'
MCResultResampling.calcResponse: no visible binding for global variable
'quantile'
MCResultResampling.plotBootstrapCoefficients: no visible global
function definition for 'layout'
MCResultResampling.plotBootstrapCoefficients: no visible global
function definition for 'abline'
MCResultResampling.plotBootstrapCoefficients: no visible global
function definition for 'density'
MCResultResampling.plotBootstrapCoefficients: no visible global
function definition for 'hist'
MCResultResampling.plotBootstrapCoefficients: no visible global
function definition for 'points'
MCResultResampling.plotBootstrapCoefficients: no visible global
function definition for 'text'
MCResultResampling.plotBootstrapT: no visible global function
definition for 'rt'
MCResultResampling.plotBootstrapT: no visible global function
definition for 'par'
MCResultResampling.plotBootstrapT: no visible global function
definition for 'density'
MCResultResampling.plotBootstrapT: no visible global function
definition for 'hist'
MCResultResampling.plotBootstrapT: no visible global function
definition for 'dt'
MCResultResampling.plotBootstrapT: no visible global function
definition for 'points'
MCResultResampling.plotBootstrapT: no visible global function
definition for 'legend'
MCResultResampling.plotBootstrapT: no visible global function
definition for 'qqplot'
MCResultResampling.plotBootstrapT: no visible global function
definition for 'abline'
compareFit: no visible global function definition for 'par'
compareFit: no visible global function definition for 'mtext'
compareFit: no visible global function definition for 'abline'
compareFit: no visible global function definition for 'points'
compareFit: no visible global function definition for 'arrows'
includeLegend: no visible global function definition for 'legend'
mc.analytical.ci: no visible global function definition for 'qt'
mc.bootstrap : callfun.reg: no visible global function definition for
'sd'
mc.bootstrap : callfun.reg: no visible global function definition for
'cor'
mc.bootstrap: no visible global function definition for 'cor'
mc.bootstrap: no visible global function definition for 'sd'
mc.calc.Student: no visible global function definition for 'sd'
mc.calc.Student: no visible global function definition for 'qt'
mc.calc.bca: no visible global function definition for 'qnorm'
mc.calc.bca: no visible global function definition for 'pnorm'
mc.calc.quant: no visible global function definition for 'quantile'
mc.calc.quantile: no visible global function definition for 'quantile'
mc.calc.tboot: no visible global function definition for 'sd'
mc.calcLinnetCI: no visible global function definition for 'sd'
mc.calcLinnetCI: no visible global function definition for 'qt'
mc.calcTstar: no visible global function definition for 'cor.test'
mc.calcTstar: no visible binding for global variable 'sd'
mc.paba: no visible global function definition for 'qnorm'
mc.paba: no visible global function definition for 'median'
mc.paba.LargeData: no visible global function definition for 'qnorm'
mc.paba.LargeData: no visible global function definition for 'median'
mcreg: no visible global function definition for 'complete.cases'
mcreg: no visible global function definition for 'sd'
mcreg: no visible global function definition for 'cor'
bootstrapSummary,MCResultBCa: no visible global function definition for
'sd'
bootstrapSummary,MCResultResampling: no visible global function
definition for 'sd'
calcResponse,MCResultAnalytical: no visible global function definition
for 'qt'
calcResponse,MCResultBCa: no visible binding for global variable 'sd'
calcResponse,MCResultBCa: no visible global function definition for
'qt'
calcResponse,MCResultBCa: no visible binding for global variable
'quantile'
calcResponse,MCResultJackknife: no visible binding for global variable
'sd'
calcResponse,MCResultJackknife: no visible global function definition
for 'qt'
calcResponse,MCResultResampling: no visible binding for global variable
'sd'
calcResponse,MCResultResampling: no visible global function definition
for 'qt'
calcResponse,MCResultResampling: no visible binding for global variable
'quantile'
plot,MCResult: no visible global function definition for 'rgb'
plot,MCResult: no visible global function definition for 'cor'
plot,MCResult: no visible global function definition for 'mtext'
plot,MCResult: no visible global function definition for 'polygon'
plot,MCResult: no visible global function definition for 'grid'
plot,MCResult: no visible global function definition for 'points'
plot,MCResult: no visible global function definition for 'title'
plot,MCResult: no visible global function definition for 'abline'
plot,MCResult: no visible global function definition for 'legend'
plot,MCResult: no visible global function definition for 'box'
plotBias,MCResult: no visible global function definition for 'rgb'
plotBias,MCResult: no visible global function definition for 'polygon'
plotBias,MCResult: no visible global function definition for 'points'
plotBias,MCResult: no visible global function definition for 'abline'
plotBias,MCResult: no visible global function definition for 'title'
plotBias,MCResult: no visible global function definition for 'segments'
plotBias,MCResult: no visible global function definition for 'box'
plotBootstrapCoefficients,MCResultBCa: no visible global function
definition for 'layout'
plotBootstrapCoefficients,MCResultBCa: no visible global function
definition for 'abline'
plotBootstrapCoefficients,MCResultBCa: no visible global function
definition for 'density'
plotBootstrapCoefficients,MCResultBCa: no visible global function
definition for 'hist'
plotBootstrapCoefficients,MCResultBCa: no visible global function
definition for 'points'
plotBootstrapCoefficients,MCResultBCa: no visible global function
definition for 'text'
plotBootstrapCoefficients,MCResultResampling: no visible global
function definition for 'layout'
plotBootstrapCoefficients,MCResultResampling: no visible global
function definition for 'abline'
plotBootstrapCoefficients,MCResultResampling: no visible global
function definition for 'density'
plotBootstrapCoefficients,MCResultResampling: no visible global
function definition for 'hist'
plotBootstrapCoefficients,MCResultResampling: no visible global
function definition for 'points'
plotBootstrapCoefficients,MCResultResampling: no visible global
function definition for 'text'
plotBootstrapT,MCResultBCa: no visible global function definition for
'rt'
plotBootstrapT,MCResultBCa: no visible global function definition for
'par'
plotBootstrapT,MCResultBCa: no visible global function definition for
'density'
plotBootstrapT,MCResultBCa: no visible global function definition for
'hist'
plotBootstrapT,MCResultBCa: no visible global function definition for
'dt'
plotBootstrapT,MCResultBCa: no visible global function definition for
'points'
plotBootstrapT,MCResultBCa: no visible global function definition for
'legend'
plotBootstrapT,MCResultBCa: no visible global function definition for
'qqplot'
plotBootstrapT,MCResultBCa: no visible global function definition for
'abline'
plotBootstrapT,MCResultResampling: no visible global function
definition for 'rt'
plotBootstrapT,MCResultResampling: no visible global function
definition for 'par'
plotBootstrapT,MCResultResampling: no visible global function
definition for 'density'
plotBootstrapT,MCResultResampling: no visible global function
definition for 'hist'
plotBootstrapT,MCResultResampling: no visible global function
definition for 'dt'
plotBootstrapT,MCResultResampling: no visible global function
definition for 'points'
plotBootstrapT,MCResultResampling: no visible global function
definition for 'legend'
plotBootstrapT,MCResultResampling: no visible global function
definition for 'qqplot'
plotBootstrapT,MCResultResampling: no visible global function
definition for 'abline'
plotDifference,MCResult: no visible global function definition for 'sd'
plotDifference,MCResult: no visible global function definition for
'par'
plotDifference,MCResult: no visible global function definition for
'grid'
plotDifference,MCResult: no visible global function definition for
'abline'
plotDifference,MCResult: no visible global function definition for
'mtext'
plotResiduals,MCResult: no visible global function definition for
'grid'
plotResiduals,MCResult: no visible global function definition for
'abline'
plotwithRJIF,MCResultJackknife: no visible global function definition
for 'par'
plotwithRJIF,MCResultJackknife: no visible global function definition
for 'points'
plotwithRJIF,MCResultJackknife: no visible global function definition
for 'text'
plotwithRJIF,MCResultJackknife: no visible global function definition
for 'mtext'
Undefined global functions or variables:
abline arrows box complete.cases cor cor.test density dt grid hist
layout legend median mtext par pnorm points polygon qnorm qqplot qt
quantile rgb rt sd segments text title
Consider adding
importFrom("grDevices", "rgb")
importFrom("graphics", "abline", "arrows", "box", "grid", "hist",
"layout", "legend", "mtext", "par", "points", "polygon",
"segments", "text", "title")
importFrom("stats", "complete.cases", "cor", "cor.test", "density",
"dt", "median", "pnorm", "qnorm", "qqplot", "qt",
"quantile", "rt", "sd")
to your NAMESPACE file.
Flavors: r-devel-linux-x86_64-debian-clang, r-devel-linux-x86_64-debian-gcc, r-devel-linux-x86_64-fedora-clang, r-devel-linux-x86_64-fedora-gcc, r-devel-windows-ix86+x86_64, r-patched-linux-x86_64, r-patched-solaris-x86, r-release-linux-x86_64, r-release-macos-x86_64, r-release-windows-ix86+x86_64, r-oldrel-macos-x86_64, r-oldrel-windows-ix86+x86_64
Version: 1.2.1
Check: compiled code
Result: NOTE
File ‘mcr/libs/mcr.so’:
Found no calls to: ‘R_registerRoutines’, ‘R_useDynamicSymbols’
It is good practice to register native routines and to disable symbol
search.
See ‘Writing portable packages’ in the ‘Writing R Extensions’ manual.
Flavors: r-devel-linux-x86_64-fedora-clang, r-devel-linux-x86_64-fedora-gcc