CRAN Package Check Results for Package mdpeer

Last updated on 2020-10-11 01:47:25 CEST.

Flavor Version Tinstall Tcheck Ttotal Status Flags
r-devel-linux-x86_64-debian-clang 1.0.1 5.48 61.48 66.96 OK
r-devel-linux-x86_64-debian-gcc 1.0.1 4.30 46.96 51.26 OK
r-devel-linux-x86_64-fedora-clang 1.0.1 89.81 NOTE
r-devel-linux-x86_64-fedora-gcc 1.0.1 78.09 NOTE
r-devel-windows-ix86+x86_64 1.0.1 16.00 67.00 83.00 OK
r-patched-linux-x86_64 1.0.1 4.53 56.35 60.88 OK
r-patched-solaris-x86 1.0.1 118.80 NOTE
r-release-linux-x86_64 1.0.1 5.71 56.99 62.70 OK
r-release-macos-x86_64 1.0.1 NOTE
r-release-windows-ix86+x86_64 1.0.1 13.00 62.00 75.00 OK
r-oldrel-macos-x86_64 1.0.1 NOTE
r-oldrel-windows-ix86+x86_64 1.0.1 13.00 76.00 89.00 OK

Check Details

Version: 1.0.1
Check: dependencies in R code
Result: NOTE
    Namespace in Imports field not imported from: ‘glmnet’
     All declared Imports should be used.
Flavors: r-devel-linux-x86_64-fedora-clang, r-devel-linux-x86_64-fedora-gcc, r-patched-solaris-x86, r-release-macos-x86_64, r-oldrel-macos-x86_64