Last updated on 2020-10-11 01:47:25 CEST.
Flavor | Version | Tinstall | Tcheck | Ttotal | Status | Flags |
---|---|---|---|---|---|---|
r-devel-linux-x86_64-debian-clang | 0.5.4 | 558.84 | 126.34 | 685.18 | NOTE | |
r-devel-linux-x86_64-debian-gcc | 0.5.4 | 411.99 | 90.68 | 502.67 | NOTE | |
r-devel-linux-x86_64-fedora-clang | 0.5.4 | 952.10 | NOTE | |||
r-devel-linux-x86_64-fedora-gcc | 0.5.4 | 902.23 | NOTE | |||
r-devel-windows-ix86+x86_64 | 0.5.4 | 1195.00 | 154.00 | 1349.00 | NOTE | |
r-patched-linux-x86_64 | 0.5.4 | 495.23 | 111.51 | 606.74 | NOTE | |
r-patched-solaris-x86 | 0.5.4 | 652.10 | NOTE | |||
r-release-linux-x86_64 | 0.5.4 | 486.26 | 113.37 | 599.63 | NOTE | |
r-release-macos-x86_64 | 0.5.4 | NOTE | ||||
r-release-windows-ix86+x86_64 | 0.5.4 | 903.00 | 208.00 | 1111.00 | NOTE | |
r-oldrel-macos-x86_64 | 0.5.4 | NOTE | ||||
r-oldrel-windows-ix86+x86_64 | 0.5.4 | 1062.00 | 128.00 | 1190.00 | NOTE |
Version: 0.5.4
Check: for GNU extensions in Makefiles
Result: NOTE
GNU make is a SystemRequirements.
Flavors: r-devel-linux-x86_64-debian-clang, r-devel-linux-x86_64-debian-gcc, r-devel-linux-x86_64-fedora-clang, r-devel-linux-x86_64-fedora-gcc, r-devel-windows-ix86+x86_64, r-patched-linux-x86_64, r-patched-solaris-x86, r-release-linux-x86_64, r-release-macos-x86_64, r-release-windows-ix86+x86_64, r-oldrel-macos-x86_64, r-oldrel-windows-ix86+x86_64
Version: 0.5.4
Check: installed package size
Result: NOTE
installed size is 29.0Mb
sub-directories of 1Mb or more:
libs 28.0Mb
Flavors: r-devel-linux-x86_64-fedora-clang, r-devel-windows-ix86+x86_64, r-release-macos-x86_64, r-release-windows-ix86+x86_64, r-oldrel-macos-x86_64, r-oldrel-windows-ix86+x86_64