CRAN Package Check Results for Package micEcon

Last updated on 2020-10-11 01:47:25 CEST.

Flavor Version Tinstall Tcheck Ttotal Status Flags
r-devel-linux-x86_64-debian-clang 0.6-14 5.96 68.38 74.34 OK
r-devel-linux-x86_64-debian-gcc 0.6-14 5.03 52.55 57.58 OK
r-devel-linux-x86_64-fedora-clang 0.6-14 98.25 NOTE
r-devel-linux-x86_64-fedora-gcc 0.6-14 101.35 OK
r-devel-windows-ix86+x86_64 0.6-14 13.00 75.00 88.00 OK
r-patched-linux-x86_64 0.6-14 6.97 66.67 73.64 OK
r-patched-solaris-x86 0.6-14 120.50 OK
r-release-linux-x86_64 0.6-14 6.80 68.44 75.24 OK
r-release-macos-x86_64 0.6-14 OK
r-release-windows-ix86+x86_64 0.6-14 11.00 106.00 117.00 OK
r-oldrel-macos-x86_64 0.6-14 OK
r-oldrel-windows-ix86+x86_64 0.6-14 11.00 64.00 75.00 OK

Check Details

Version: 0.6-14
Check: Rd cross-references
Result: NOTE
    Undeclared packages ‘micEconAids’, ‘micEconSNQP’ in Rd xrefs
Flavor: r-devel-linux-x86_64-fedora-clang