CRAN Package Check Results for Package miceadds

Last updated on 2020-10-11 01:47:25 CEST.

Flavor Version Tinstall Tcheck Ttotal Status Flags
r-devel-linux-x86_64-debian-clang 3.10-28 158.02 137.35 295.37 OK
r-devel-linux-x86_64-debian-gcc 3.10-28 115.87 102.19 218.06 OK
r-devel-linux-x86_64-fedora-clang 3.10-28 335.84 NOTE
r-devel-linux-x86_64-fedora-gcc 3.10-28 308.31 OK
r-devel-windows-ix86+x86_64 3.10-28 348.00 176.00 524.00 OK
r-patched-linux-x86_64 3.10-28 136.40 127.14 263.54 OK
r-patched-solaris-x86 3.10-28 339.40 OK
r-release-linux-x86_64 3.10-28 133.58 128.42 262.00 OK
r-release-macos-x86_64 3.10-28 NOTE
r-release-windows-ix86+x86_64 3.10-28 253.00 245.00 498.00 OK
r-oldrel-macos-x86_64 3.10-28 NOTE
r-oldrel-windows-ix86+x86_64 3.10-28 318.00 145.00 463.00 OK

Check Details

Version: 3.10-28
Check: installed package size
Result: NOTE
     installed size is 8.5Mb
     sub-directories of 1Mb or more:
     libs 6.9Mb
Flavors: r-devel-linux-x86_64-fedora-clang, r-release-macos-x86_64, r-oldrel-macos-x86_64