CRAN Package Check Results for Package moc.gapbk

Last updated on 2020-10-11 01:47:26 CEST.

Flavor Version Tinstall Tcheck Ttotal Status Flags
r-devel-linux-x86_64-debian-clang 0.1.0 3.76 38.03 41.79 OK
r-devel-linux-x86_64-debian-gcc 0.1.0 2.97 28.78 31.75 OK
r-devel-linux-x86_64-fedora-clang 0.1.0 54.58 NOTE
r-devel-linux-x86_64-fedora-gcc 0.1.0 46.94 NOTE
r-devel-windows-ix86+x86_64 0.1.0 8.00 39.00 47.00 OK
r-patched-linux-x86_64 0.1.0 3.45 35.86 39.31 OK
r-patched-solaris-x86 0.1.0 64.40 NOTE
r-release-linux-x86_64 0.1.0 3.85 35.81 39.66 OK
r-release-macos-x86_64 0.1.0 ERROR
r-release-windows-ix86+x86_64 0.1.0 6.00 37.00 43.00 OK
r-oldrel-macos-x86_64 0.1.0 ERROR
r-oldrel-windows-ix86+x86_64 0.1.0 5.00 32.00 37.00 OK

Check Details

Version: 0.1.0
Check: dependencies in R code
Result: NOTE
    Namespaces in Imports field not imported from:
     ‘Rmisc’ ‘amap’ ‘fields’ ‘matrixStats’ ‘mco’ ‘miscTools’ ‘plyr’
     ‘reshape2’
     All declared Imports should be used.
Flavors: r-devel-linux-x86_64-fedora-clang, r-devel-linux-x86_64-fedora-gcc, r-patched-solaris-x86

Version: 0.1.0
Check: package dependencies
Result: ERROR
    Package required but not available: ‘doMPI’
    
    See section ‘The DESCRIPTION file’ in the ‘Writing R Extensions’
    manual.
Flavors: r-release-macos-x86_64, r-oldrel-macos-x86_64