CRAN Package Check Results for Package modelbased

Last updated on 2020-10-11 01:47:26 CEST.

Flavor Version Tinstall Tcheck Ttotal Status Flags
r-devel-linux-x86_64-debian-clang 0.3.0 6.52 284.27 290.79 OK
r-devel-linux-x86_64-debian-gcc 0.3.0 5.10 234.20 239.30 OK
r-devel-linux-x86_64-fedora-clang 0.3.0 186.18 OK
r-devel-linux-x86_64-fedora-gcc 0.3.0 344.31 OK
r-devel-windows-ix86+x86_64 0.3.0 22.00 294.00 316.00 OK
r-patched-linux-x86_64 0.3.0 6.26 326.76 333.02 OK
r-patched-solaris-x86 0.3.0 501.80 OK
r-release-linux-x86_64 0.3.0 6.27 203.92 210.19 OK
r-release-macos-x86_64 0.3.0 OK
r-release-windows-ix86+x86_64 0.3.0 15.00 452.00 467.00 OK
r-oldrel-macos-x86_64 0.3.0 ERROR
r-oldrel-windows-ix86+x86_64 0.3.0 18.00 285.00 303.00 OK

Check Details

Version: 0.3.0
Check: dependencies in R code
Result: NOTE
    Missing or unexported object: ‘rstanarm::posterior_epred’
Flavor: r-oldrel-macos-x86_64

Version: 0.3.0
Check: tests
Result: ERROR
     Running ‘testthat.R’ [44s/44s]
    Running the tests in ‘tests/testthat.R’ failed.
    Last 13 lines of output:
     Error in .Call("FreeADFunObject", ptr, PACKAGE = DLL) :
     "FreeADFunObject" not available for .Call() for package "glmmTMB"
     Calls: <Anonymous>
     Error in .Call("FreeADFunObject", ptr, PACKAGE = DLL) :
     "FreeADFunObject" not available for .Call() for package "glmmTMB"
     Calls: <Anonymous>
     Error in .Call("FreeADFunObject", ptr, PACKAGE = DLL) :
     "FreeADFunObject" not available for .Call() for package "glmmTMB"
     Calls: <Anonymous>
     ══ testthat results ═══════════════════════════════════════════════════════════
     [ OK: 122 | SKIPPED: 2 | WARNINGS: 38 | FAILED: 1 ]
     1. Error: estimate_response - Bayesian (@test-estimate_response.R#16)
    
     Error: testthat unit tests failed
     Execution halted
Flavor: r-oldrel-macos-x86_64