CRAN Package Check Results for Package modeltime.ensemble

Last updated on 2020-10-11 01:47:26 CEST.

Flavor Version Tinstall Tcheck Ttotal Status Flags
r-devel-linux-x86_64-debian-clang 0.1.0 17.80 255.49 273.29 OK
r-devel-linux-x86_64-debian-gcc 0.2.0 13.38 215.34 228.72 OK
r-devel-linux-x86_64-fedora-clang 0.2.0 350.30 NOTE
r-devel-linux-x86_64-fedora-gcc 0.2.0 365.79 NOTE
r-devel-windows-ix86+x86_64 0.1.0 37.00 286.00 323.00 OK
r-patched-linux-x86_64 0.1.0 16.57 241.52 258.09 OK
r-patched-solaris-x86 0.2.0 468.00 NOTE
r-release-linux-x86_64 0.2.0 16.74 271.02 287.76 OK
r-release-macos-x86_64 0.1.0 NOTE
r-release-windows-ix86+x86_64 0.1.0 42.00 294.00 336.00 OK
r-oldrel-macos-x86_64 0.2.0 NOTE

Check Details

Version: 0.2.0
Check: package dependencies
Result: NOTE
    Imports includes 22 non-default packages.
    Importing from so many packages makes the package vulnerable to any of
    them becoming unavailable. Move as many as possible to Suggests and
    use conditionally.
Flavor: r-devel-linux-x86_64-fedora-clang

Version: 0.2.0
Check: dependencies in R code
Result: NOTE
    Namespaces in Imports field not imported from:
     ‘crayon’ ‘dials’ ‘glmnet’ ‘parsnip’ ‘timetk’
     All declared Imports should be used.
Flavors: r-devel-linux-x86_64-fedora-clang, r-devel-linux-x86_64-fedora-gcc, r-patched-solaris-x86, r-oldrel-macos-x86_64

Version: 0.1.0
Check: dependencies in R code
Result: NOTE
    Namespaces in Imports field not imported from:
     ‘crayon’ ‘dials’ ‘glmnet’ ‘parsnip’ ‘timetk’
     All declared Imports should be used.
Flavor: r-release-macos-x86_64