Last updated on 2020-10-11 01:47:26 CEST.
Flavor | Version | Tinstall | Tcheck | Ttotal | Status | Flags |
---|---|---|---|---|---|---|
r-devel-linux-x86_64-debian-clang | 2.2.0 | 46.88 | 28.47 | 75.35 | OK | |
r-devel-linux-x86_64-debian-gcc | 2.2.0 | 32.63 | 21.95 | 54.58 | OK | |
r-devel-linux-x86_64-fedora-clang | 2.2.0 | 100.53 | OK | |||
r-devel-linux-x86_64-fedora-gcc | 2.2.0 | 93.13 | OK | |||
r-devel-windows-ix86+x86_64 | 2.2.0 | 453.00 | 81.00 | 534.00 | NOTE | |
r-patched-linux-x86_64 | 2.2.0 | 40.21 | 27.19 | 67.40 | OK | |
r-patched-solaris-x86 | 2.2.0 | 253.10 | ERROR | |||
r-release-linux-x86_64 | 2.2.0 | 43.58 | 27.35 | 70.93 | OK | |
r-release-macos-x86_64 | 2.2.0 | OK | ||||
r-release-windows-ix86+x86_64 | 2.2.0 | 335.00 | 101.00 | 436.00 | NOTE | |
r-oldrel-macos-x86_64 | 2.2.0 | OK | ||||
r-oldrel-windows-ix86+x86_64 | 2.2.0 | 334.00 | 68.00 | 402.00 | NOTE |
Version: 2.2.0
Check: installed package size
Result: NOTE
installed size is 7.2Mb
sub-directories of 1Mb or more:
libs 7.0Mb
Flavors: r-devel-windows-ix86+x86_64, r-release-windows-ix86+x86_64, r-oldrel-windows-ix86+x86_64
Version: 2.2.0
Check: examples
Result: ERROR
Running examples in ‘mongolite-Ex.R’ failed
The error most likely occurred in:
> ### Name: gridfs
> ### Title: GridFS API
> ### Aliases: gridfs
>
> ### ** Examples
>
> # Upload a file to GridFS
> fs <- gridfs(url = "mongodb+srv://readwrite:test@cluster0-84vdt.mongodb.net/test")
Error: No suitable servers found (`serverSelectionTryOnce` set): [TLS handshake failed: error:14090086:SSL routines:ssl3_get_server_certificate:certificate verify failed calling ismaster on 'cluster0-shard-00-00-84vdt.mongodb.net:27017'] [TLS handshake failed: error:14090086:SSL routines:ssl3_get_server_certificate:certificate verify failed calling ismaster on 'cluster0-shard-00-01-84vdt.mongodb.net:27017'] [TLS handshake failed: error:14090086:SSL routines:ssl3_get_server_certificate:certificate verify f
Execution halted
Flavor: r-patched-solaris-x86