Last updated on 2020-10-11 01:47:26 CEST.
Flavor | Version | Tinstall | Tcheck | Ttotal | Status | Flags |
---|---|---|---|---|---|---|
r-devel-linux-x86_64-debian-clang | 0.2.0 | 350.25 | 319.13 | 669.38 | NOTE | |
r-devel-linux-x86_64-debian-gcc | 0.2.0 | 331.69 | 219.25 | 550.94 | NOTE | |
r-devel-linux-x86_64-fedora-clang | 0.2.0 | 903.35 | NOTE | |||
r-devel-linux-x86_64-fedora-gcc | 0.2.0 | 937.03 | NOTE | |||
r-devel-windows-ix86+x86_64 | 0.2.0 | 792.00 | 467.00 | 1259.00 | NOTE | |
r-patched-linux-x86_64 | 0.2.0 | 296.17 | 288.59 | 584.76 | NOTE | |
r-patched-solaris-x86 | 0.2.0 | 927.10 | NOTE | |||
r-release-linux-x86_64 | 0.2.0 | 324.88 | 291.21 | 616.09 | NOTE | |
r-release-macos-x86_64 | 0.2.0 | NOTE | ||||
r-release-windows-ix86+x86_64 | 0.2.0 | 599.00 | 565.00 | 1164.00 | NOTE | |
r-oldrel-macos-x86_64 | 0.2.0 | NOTE | ||||
r-oldrel-windows-ix86+x86_64 | 0.2.0 | 717.00 | 416.00 | 1133.00 | NOTE |
Version: 0.2.0
Check: for GNU extensions in Makefiles
Result: NOTE
GNU make is a SystemRequirements.
Flavors: r-devel-linux-x86_64-debian-clang, r-devel-linux-x86_64-debian-gcc, r-devel-linux-x86_64-fedora-clang, r-devel-linux-x86_64-fedora-gcc, r-devel-windows-ix86+x86_64, r-patched-linux-x86_64, r-patched-solaris-x86, r-release-linux-x86_64, r-release-macos-x86_64, r-release-windows-ix86+x86_64, r-oldrel-macos-x86_64, r-oldrel-windows-ix86+x86_64
Version: 0.2.0
Check: installed package size
Result: NOTE
installed size is 65.0Mb
sub-directories of 1Mb or more:
libs 64.7Mb
Flavors: r-devel-linux-x86_64-fedora-clang, r-devel-windows-ix86+x86_64, r-release-macos-x86_64, r-release-windows-ix86+x86_64, r-oldrel-macos-x86_64, r-oldrel-windows-ix86+x86_64
Version: 0.2.0
Check: dependencies in R code
Result: NOTE
Namespace in Imports field not imported from: ‘rstantools’
All declared Imports should be used.
Flavors: r-devel-linux-x86_64-fedora-clang, r-devel-linux-x86_64-fedora-gcc, r-patched-solaris-x86, r-release-macos-x86_64, r-oldrel-macos-x86_64