CRAN Package Check Results for Package mrfDepth

Last updated on 2020-10-11 01:47:26 CEST.

Flavor Version Tinstall Tcheck Ttotal Status Flags
r-devel-linux-x86_64-debian-clang 1.0.13 91.21 108.82 200.03 OK
r-devel-linux-x86_64-debian-gcc 1.0.13 70.91 82.66 153.57 OK
r-devel-linux-x86_64-fedora-clang 1.0.13 291.78 NOTE
r-devel-linux-x86_64-fedora-gcc 1.0.13 262.65 OK
r-devel-windows-ix86+x86_64 1.0.13 210.00 184.00 394.00 NOTE
r-patched-linux-x86_64 1.0.13 84.72 103.69 188.41 OK
r-patched-solaris-x86 1.0.13 260.40 OK
r-release-linux-x86_64 1.0.13 85.97 104.36 190.33 OK
r-release-macos-x86_64 1.0.13 NOTE
r-release-windows-ix86+x86_64 1.0.13 157.00 235.00 392.00 NOTE
r-oldrel-macos-x86_64 1.0.13 NOTE
r-oldrel-windows-ix86+x86_64 1.0.13 192.00 159.00 351.00 OK

Check Details

Version: 1.0.13
Check: installed package size
Result: NOTE
     installed size is 17.3Mb
     sub-directories of 1Mb or more:
     data 1.6Mb
     libs 15.3Mb
Flavors: r-devel-linux-x86_64-fedora-clang, r-devel-windows-ix86+x86_64, r-release-macos-x86_64, r-release-windows-ix86+x86_64, r-oldrel-macos-x86_64