Last updated on 2020-10-11 01:47:26 CEST.
Flavor | Version | Tinstall | Tcheck | Ttotal | Status | Flags |
---|---|---|---|---|---|---|
r-devel-linux-x86_64-debian-clang | 1.0 | 100.77 | 31.69 | 132.46 | NOTE | |
r-devel-linux-x86_64-debian-gcc | 1.0 | 78.14 | 24.32 | 102.46 | NOTE | |
r-devel-linux-x86_64-fedora-clang | 1.0 | 223.16 | NOTE | |||
r-devel-linux-x86_64-fedora-gcc | 1.0 | 188.48 | NOTE | |||
r-devel-windows-ix86+x86_64 | 1.0 | 266.00 | 69.00 | 335.00 | NOTE | |
r-patched-linux-x86_64 | 1.0 | 96.67 | 31.19 | 127.86 | NOTE | |
r-patched-solaris-x86 | 1.0 | 166.10 | NOTE | |||
r-release-linux-x86_64 | 1.0 | 97.05 | 31.05 | 128.10 | NOTE | |
r-release-macos-x86_64 | 1.0 | NOTE | ||||
r-release-windows-ix86+x86_64 | 1.0 | 196.00 | 81.00 | 277.00 | NOTE | |
r-oldrel-macos-x86_64 | 1.0 | NOTE | ||||
r-oldrel-windows-ix86+x86_64 | 1.0 | 240.00 | 76.00 | 316.00 | NOTE |
Version: 1.0
Check: DESCRIPTION meta-information
Result: NOTE
Checking should be performed on sources prepared by 'R CMD build'.
Flavors: r-devel-linux-x86_64-debian-clang, r-devel-linux-x86_64-debian-gcc, r-devel-linux-x86_64-fedora-clang, r-devel-linux-x86_64-fedora-gcc, r-devel-windows-ix86+x86_64, r-patched-linux-x86_64, r-patched-solaris-x86, r-release-linux-x86_64, r-release-macos-x86_64, r-release-windows-ix86+x86_64, r-oldrel-macos-x86_64, r-oldrel-windows-ix86+x86_64
Version: 1.0
Check: compiled code
Result: NOTE
File ‘mvcluster/libs/mvcluster.so’:
Found no calls to: ‘R_registerRoutines’, ‘R_useDynamicSymbols’
It is good practice to register native routines and to disable symbol
search.
See ‘Writing portable packages’ in the ‘Writing R Extensions’ manual.
Flavors: r-devel-linux-x86_64-fedora-clang, r-devel-linux-x86_64-fedora-gcc